Last updated on 2025-07-27 01:48:31 CEST.
Flavor | Version | Tinstall | Tcheck | Ttotal | Status | Flags |
---|---|---|---|---|---|---|
r-devel-linux-x86_64-debian-clang | 0.0-2 | 20.98 | 139.55 | 160.53 | NOTE | |
r-devel-linux-x86_64-debian-gcc | 0.0-2 | 14.40 | 104.17 | 118.57 | NOTE | |
r-devel-linux-x86_64-fedora-clang | 0.0-2 | 255.62 | NOTE | |||
r-devel-linux-x86_64-fedora-gcc | 0.0-2 | 247.12 | NOTE | |||
r-devel-windows-x86_64 | 0.0-2 | 36.00 | 222.00 | 258.00 | NOTE | |
r-patched-linux-x86_64 | 0.0-2 | 20.89 | 137.14 | 158.03 | NOTE | |
r-release-linux-x86_64 | 0.0-2 | 21.20 | 135.02 | 156.22 | NOTE | |
r-release-macos-arm64 | 0.0-2 | 85.00 | NOTE | |||
r-release-macos-x86_64 | 0.0-2 | 142.00 | NOTE | |||
r-release-windows-x86_64 | 0.0-2 | 23.00 | 135.00 | 158.00 | NOTE | |
r-oldrel-macos-arm64 | 0.0-2 | 87.00 | NOTE | |||
r-oldrel-macos-x86_64 | 0.0-2 | 113.00 | NOTE | |||
r-oldrel-windows-x86_64 | 0.0-2 | 30.00 | 174.00 | 204.00 | NOTE |
Version: 0.0-2
Check: CRAN incoming feasibility
Result: NOTE
Maintainer: ‘A. C. Del Re <acdelre@gmail.com>’
No Authors@R field in DESCRIPTION.
Please add one, modifying
Authors@R: person(given = c("A.", "C.", "Del"),
family = "Re",
role = c("aut", "cre"),
email = "acdelre@gmail.com")
as necessary.
Package CITATION file contains call(s) to old-style personList() or
as.personList(). Please use c() on person objects instead.
Package CITATION file contains call(s) to old-style citEntry(). Please
use bibentry() instead.
Flavors: r-devel-linux-x86_64-debian-clang, r-devel-linux-x86_64-debian-gcc
Version: 0.0-2
Check: Rd files
Result: NOTE
checkRd: (-1) RcmdrPlugin.MA-package.Rd:21: Escaped LaTeX specials: \&
checkRd: (-1) RcmdrPlugin.MA-package.Rd:23: Escaped LaTeX specials: \&
Flavors: r-devel-linux-x86_64-debian-clang, r-devel-linux-x86_64-debian-gcc, r-devel-linux-x86_64-fedora-clang, r-devel-linux-x86_64-fedora-gcc, r-devel-windows-x86_64, r-patched-linux-x86_64, r-release-linux-x86_64, r-release-macos-arm64, r-release-macos-x86_64, r-release-windows-x86_64, r-oldrel-macos-arm64, r-oldrel-macos-x86_64, r-oldrel-windows-x86_64