Last updated on 2025-05-10 16:52:38 CEST.
Flavor | Version | Tinstall | Tcheck | Ttotal | Status | Flags |
---|---|---|---|---|---|---|
r-devel-linux-x86_64-debian-clang | 1.8 | 33.78 | 175.19 | 208.97 | NOTE | |
r-devel-linux-x86_64-debian-gcc | 1.8 | 24.80 | 125.95 | 150.75 | NOTE | |
r-devel-linux-x86_64-fedora-clang | 1.8 | 366.80 | OK | |||
r-devel-linux-x86_64-fedora-gcc | 1.8 | 354.31 | OK | |||
r-devel-windows-x86_64 | 1.8 | 43.00 | 299.00 | 342.00 | OK | |
r-patched-linux-x86_64 | 1.8 | 31.78 | 167.50 | 199.28 | OK | |
r-release-linux-x86_64 | 1.8 | 32.29 | 165.24 | 197.53 | OK | |
r-release-macos-arm64 | 1.8 | 108.00 | OK | |||
r-release-macos-x86_64 | 1.8 | 168.00 | OK | |||
r-release-windows-x86_64 | 1.8 | 39.00 | 230.00 | 269.00 | OK | |
r-oldrel-macos-arm64 | 1.8 | 114.00 | OK | |||
r-oldrel-macos-x86_64 | 1.8 | 135.00 | OK | |||
r-oldrel-windows-x86_64 | 1.8 | 36.00 | 192.00 | 228.00 | OK |
Version: 1.8
Check: CRAN incoming feasibility
Result: NOTE
Maintainer: ‘Francois Husson <francois.husson@institut-agro.fr>’
No Authors@R field in DESCRIPTION.
Please add one, modifying
Authors@R: c(person(given = "Francois",
family = "Husson",
role = c("aut", "cre"),
email = "francois.husson@institut-agro.fr"),
person(given = "Julie",
family = "Josse",
role = "aut"),
person(given = "Sebastien",
family = "Le",
role = "aut"))
as necessary.
Flavors: r-devel-linux-x86_64-debian-clang, r-devel-linux-x86_64-debian-gcc