Last updated on 2025-05-10 16:52:38 CEST.
Flavor | Version | Tinstall | Tcheck | Ttotal | Status | Flags |
---|---|---|---|---|---|---|
r-devel-linux-x86_64-debian-clang | 0.1-5 | 17.16 | 135.66 | 152.82 | NOTE | |
r-devel-linux-x86_64-debian-gcc | 0.1-5 | 14.51 | 98.33 | 112.84 | NOTE | |
r-devel-linux-x86_64-fedora-clang | 0.1-5 | 265.60 | OK | |||
r-devel-linux-x86_64-fedora-gcc | 0.1-5 | 248.02 | OK | |||
r-devel-windows-x86_64 | 0.1-5 | 26.00 | 248.00 | 274.00 | OK | |
r-patched-linux-x86_64 | 0.1-5 | 17.97 | 129.27 | 147.24 | OK | |
r-release-linux-x86_64 | 0.1-5 | 16.52 | 126.29 | 142.81 | OK | |
r-release-macos-arm64 | 0.1-5 | 91.00 | OK | |||
r-release-macos-x86_64 | 0.1-5 | 142.00 | OK | |||
r-release-windows-x86_64 | 0.1-5 | 28.00 | 196.00 | 224.00 | OK | |
r-oldrel-macos-arm64 | 0.1-5 | 88.00 | OK | |||
r-oldrel-macos-x86_64 | 0.1-5 | 107.00 | OK | |||
r-oldrel-windows-x86_64 | 0.1-5 | 22.00 | 162.00 | 184.00 | OK |
Version: 0.1-5
Check: CRAN incoming feasibility
Result: NOTE
Maintainer: ‘Hideo Aizaki <azk-r@spa.nifty.com>’
No Authors@R field in DESCRIPTION.
Please add one, modifying
Authors@R: person(given = "Hideo",
family = "Aizaki",
role = c("aut", "cre"),
email = "azk-r@spa.nifty.com")
as necessary.
Flavors: r-devel-linux-x86_64-debian-clang, r-devel-linux-x86_64-debian-gcc