Last updated on 2025-10-16 20:49:40 CEST.
Flavor | Version | Tinstall | Tcheck | Ttotal | Status | Flags |
---|---|---|---|---|---|---|
r-devel-linux-x86_64-debian-clang | 0.1.0 | 5.32 | 57.84 | 63.16 | OK | |
r-devel-linux-x86_64-debian-gcc | 0.1.0 | 4.10 | 41.28 | 45.38 | OK | |
r-devel-linux-x86_64-fedora-clang | 0.1.0 | 96.56 | OK | |||
r-devel-linux-x86_64-fedora-gcc | 0.1.0 | 111.59 | OK | |||
r-devel-windows-x86_64 | 0.1.0 | 7.00 | 65.00 | 72.00 | OK | |
r-patched-linux-x86_64 | 0.1.0 | 5.42 | 52.76 | 58.18 | OK | |
r-release-linux-x86_64 | 0.1.0 | 5.40 | 53.27 | 58.67 | OK | |
r-release-macos-arm64 | 0.1.0 | 33.00 | OK | |||
r-release-macos-x86_64 | 0.1.0 | 66.00 | OK | |||
r-release-windows-x86_64 | 0.1.0 | 7.00 | 67.00 | 74.00 | OK | |
r-oldrel-macos-arm64 | 0.1.0 | 35.00 | NOTE | |||
r-oldrel-macos-x86_64 | 0.1.0 | 51.00 | NOTE | |||
r-oldrel-windows-x86_64 | 0.1.0 | 10.00 | 83.00 | 93.00 | NOTE |
Version: 0.1.0
Check: LazyData
Result: NOTE
'LazyData' is specified without a 'data' directory
Flavors: r-oldrel-macos-arm64, r-oldrel-macos-x86_64, r-oldrel-windows-x86_64