Last updated on 2025-05-10 16:52:38 CEST.
Flavor | Version | Tinstall | Tcheck | Ttotal | Status | Flags |
---|---|---|---|---|---|---|
r-devel-linux-x86_64-debian-clang | 0.1.1 | 2.86 | 63.39 | 66.25 | NOTE | |
r-devel-linux-x86_64-debian-gcc | 0.1.1 | 2.62 | 45.67 | 48.29 | NOTE | |
r-devel-linux-x86_64-fedora-clang | 0.1.1 | 105.52 | OK | |||
r-devel-linux-x86_64-fedora-gcc | 0.1.1 | 117.96 | OK | |||
r-devel-windows-x86_64 | 0.1.1 | 4.00 | 93.00 | 97.00 | OK | |
r-patched-linux-x86_64 | 0.1.1 | 2.59 | 61.17 | 63.76 | OK | |
r-release-linux-x86_64 | 0.1.1 | 3.02 | 60.34 | 63.36 | OK | |
r-release-macos-arm64 | 0.1.1 | 48.00 | OK | |||
r-release-macos-x86_64 | 0.1.1 | 85.00 | OK | |||
r-release-windows-x86_64 | 0.1.1 | 5.00 | 99.00 | 104.00 | OK | |
r-oldrel-macos-arm64 | 0.1.1 | 37.00 | OK | |||
r-oldrel-macos-x86_64 | 0.1.1 | 56.00 | OK | |||
r-oldrel-windows-x86_64 | 0.1.1 | 6.00 | 105.00 | 111.00 | OK |
Version: 0.1.1
Check: CRAN incoming feasibility
Result: NOTE
Maintainer: ‘Markus Loecher <markus.loecher@gmail.com>’
No Authors@R field in DESCRIPTION.
Please add one, modifying
Authors@R: c(person(given = "Markus",
family = "Loecher",
role = c("aut", "cre"),
email = "markus.loecher@gmail.com"),
person(given = "Madhav",
family = "Kumar",
role = "aut",
email = "madhavkumar2005@gmail.com"))
as necessary.
Flavors: r-devel-linux-x86_64-debian-clang, r-devel-linux-x86_64-debian-gcc