Last updated on 2025-05-10 16:52:38 CEST.
Flavor | Version | Tinstall | Tcheck | Ttotal | Status | Flags |
---|---|---|---|---|---|---|
r-devel-linux-x86_64-debian-clang | 0.9.3 | 38.53 | 310.14 | 348.67 | NOTE | |
r-devel-linux-x86_64-debian-gcc | 0.9.4 | 26.45 | 223.70 | 250.15 | OK | |
r-devel-linux-x86_64-fedora-clang | 0.9.4 | 596.01 | OK | |||
r-devel-linux-x86_64-fedora-gcc | 0.9.4 | 567.67 | OK | |||
r-devel-windows-x86_64 | 0.9.3 | 47.00 | 343.00 | 390.00 | OK | |
r-patched-linux-x86_64 | 0.9.4 | 35.19 | 304.64 | 339.83 | OK | |
r-release-linux-x86_64 | 0.9.3 | 35.71 | 292.93 | 328.64 | OK | |
r-release-macos-arm64 | 0.9.4 | 146.00 | OK | |||
r-release-macos-x86_64 | 0.9.4 | 326.00 | OK | |||
r-release-windows-x86_64 | 0.9.4 | 45.00 | 327.00 | 372.00 | OK | |
r-oldrel-macos-arm64 | 0.9.4 | 169.00 | NOTE | |||
r-oldrel-macos-x86_64 | 0.9.4 | 314.00 | NOTE | |||
r-oldrel-windows-x86_64 | 0.9.3 | 55.00 | 419.00 | 474.00 | OK |
Version: 0.9.3
Check: CRAN incoming feasibility
Result: NOTE
Maintainer: ‘Yann Abraham <yann.abraham@gmail.com>’
The Description field contains
(<https://link.springer.com/chapter/10.1007/978-3-642-13672-6_13>) for
Please use permanent DOI markup for linking to publications as in <doi:prefix/suffix>.
Flavor: r-devel-linux-x86_64-debian-clang
Version: 0.9.4
Check: installed package size
Result: NOTE
installed size is 5.6Mb
sub-directories of 1Mb or more:
doc 3.9Mb
libs 1.6Mb
Flavors: r-oldrel-macos-arm64, r-oldrel-macos-x86_64