Last updated on 2025-05-10 16:52:38 CEST.
Flavor | Version | Tinstall | Tcheck | Ttotal | Status | Flags |
---|---|---|---|---|---|---|
r-devel-linux-x86_64-debian-clang | 1.1.9 | 16.65 | 84.28 | 100.93 | OK | |
r-devel-linux-x86_64-debian-gcc | 1.1.9 | 12.66 | 61.37 | 74.03 | OK | |
r-devel-linux-x86_64-fedora-clang | 1.1.9 | 164.87 | OK | |||
r-devel-linux-x86_64-fedora-gcc | 1.1.9 | 175.61 | OK | |||
r-devel-windows-x86_64 | 1.1.9 | 11.00 | 109.00 | 120.00 | OK | |
r-patched-linux-x86_64 | 1.1.9 | 16.11 | 80.13 | 96.24 | OK | |
r-release-linux-x86_64 | 1.1.9 | 14.52 | 80.72 | 95.24 | OK | |
r-release-macos-arm64 | 1.1.9 | 97.00 | OK | |||
r-release-macos-x86_64 | 1.1.9 | 102.00 | OK | |||
r-release-windows-x86_64 | 1.1.9 | 13.00 | 115.00 | 128.00 | OK | |
r-oldrel-macos-arm64 | 1.1.9 | 83.00 | NOTE | |||
r-oldrel-macos-x86_64 | 1.1.9 | 193.00 | NOTE | |||
r-oldrel-windows-x86_64 | 1.1.9 | 17.00 | 130.00 | 147.00 | NOTE |
Version: 1.1.9
Check: installed package size
Result: NOTE
installed size is 5.2Mb
sub-directories of 1Mb or more:
data 2.2Mb
extdata 1.4Mb
Flavors: r-oldrel-macos-arm64, r-oldrel-macos-x86_64, r-oldrel-windows-x86_64