Last updated on 2025-05-10 12:49:54 CEST.
Flavor | Version | Tinstall | Tcheck | Ttotal | Status | Flags |
---|---|---|---|---|---|---|
r-devel-linux-x86_64-debian-clang | 1.1.0 | 3.35 | 64.48 | 67.83 | OK | |
r-devel-linux-x86_64-debian-gcc | 1.1.0 | 2.80 | 48.03 | 50.83 | OK | |
r-devel-linux-x86_64-fedora-clang | 1.1.0 | 101.22 | OK | |||
r-devel-linux-x86_64-fedora-gcc | 1.1.0 | 114.97 | OK | |||
r-devel-windows-x86_64 | 1.1.0 | 7.00 | 68.00 | 75.00 | OK | |
r-patched-linux-x86_64 | 1.1.0 | 4.04 | 61.74 | 65.78 | OK | |
r-release-linux-x86_64 | 1.1.0 | 3.74 | 62.00 | 65.74 | OK | |
r-release-macos-arm64 | 1.1.0 | 34.00 | OK | |||
r-release-macos-x86_64 | 1.1.0 | 62.00 | OK | |||
r-release-windows-x86_64 | 1.1.0 | 6.00 | 68.00 | 74.00 | OK | |
r-oldrel-macos-arm64 | 1.1.0 | 32.00 | NOTE | |||
r-oldrel-macos-x86_64 | 1.1.0 | 53.00 | NOTE | |||
r-oldrel-windows-x86_64 | 1.1.0 | 6.00 | 77.00 | 83.00 | NOTE |
Version: 1.1.0
Check: LazyData
Result: NOTE
'LazyData' is specified without a 'data' directory
Flavors: r-oldrel-macos-arm64, r-oldrel-macos-x86_64, r-oldrel-windows-x86_64