Last updated on 2025-05-10 20:49:52 CEST.
Flavor | Version | Tinstall | Tcheck | Ttotal | Status | Flags |
---|---|---|---|---|---|---|
r-devel-linux-x86_64-debian-clang | 0.9-83-11 | 16.42 | 115.31 | 131.73 | OK | |
r-devel-linux-x86_64-debian-gcc | 0.9-83-11 | 11.62 | 72.71 | 84.33 | OK | |
r-devel-linux-x86_64-fedora-clang | 0.9-83-11 | 225.00 | OK | |||
r-devel-linux-x86_64-fedora-gcc | 0.9-83-11 | 212.54 | OK | |||
r-devel-windows-x86_64 | 0.9-83-11 | 21.00 | 149.00 | 170.00 | OK | |
r-patched-linux-x86_64 | 0.9-83-11 | 20.05 | 105.11 | 125.16 | OK | |
r-release-linux-x86_64 | 0.9-83-11 | 17.94 | 105.74 | 123.68 | OK | |
r-release-macos-arm64 | 0.9-83-11 | 41.00 | OK | |||
r-release-macos-x86_64 | 0.9-83-11 | 79.00 | OK | |||
r-release-windows-x86_64 | 0.9-83-11 | 21.00 | 202.00 | 223.00 | OK | |
r-oldrel-macos-arm64 | 0.9-83-11 | 53.00 | NOTE | |||
r-oldrel-macos-x86_64 | 0.9-83-11 | 82.00 | NOTE | |||
r-oldrel-windows-x86_64 | 0.9-83-11 | 26.00 | 184.00 | 210.00 | NOTE |
Version: 0.9-83-11
Check: package dependencies
Result: NOTE
Package which this enhances but not available for checking: ‘glmmADMB’
Flavors: r-oldrel-macos-arm64, r-oldrel-macos-x86_64, r-oldrel-windows-x86_64