Last updated on 2025-05-10 12:49:53 CEST.
Flavor | Version | Tinstall | Tcheck | Ttotal | Status | Flags |
---|---|---|---|---|---|---|
r-devel-linux-x86_64-debian-clang | 0.9.7 | 65.91 | 188.42 | 254.33 | NOTE | |
r-devel-linux-x86_64-debian-gcc | 0.9.7 | 42.71 | 129.94 | 172.65 | NOTE | |
r-devel-linux-x86_64-fedora-clang | 0.9.7 | 415.24 | OK | |||
r-devel-linux-x86_64-fedora-gcc | 0.9.7 | 419.20 | OK | |||
r-devel-windows-x86_64 | 0.9.7 | 77.00 | 202.00 | 279.00 | OK | |
r-patched-linux-x86_64 | 0.9.7 | 61.69 | 179.95 | 241.64 | OK | |
r-release-linux-x86_64 | 0.9.7 | 62.90 | 177.87 | 240.77 | OK | |
r-release-macos-arm64 | 0.9.7 | 100.00 | OK | |||
r-release-macos-x86_64 | 0.9.7 | 200.00 | OK | |||
r-release-windows-x86_64 | 0.9.7 | 75.00 | 204.00 | 279.00 | OK | |
r-oldrel-macos-arm64 | 0.9.7 | 104.00 | OK | |||
r-oldrel-macos-x86_64 | 0.9.7 | 198.00 | OK | |||
r-oldrel-windows-x86_64 | 0.9.7 | 93.00 | 266.00 | 359.00 | OK |
Version: 0.9.7
Check: CRAN incoming feasibility
Result: NOTE
Maintainer: ‘Jesse Krijthe <jkrijthe@gmail.com>’
The BugReports field in DESCRIPTION has
https://github.com/jkrijthe/RSSL
which should likely be
https://github.com/jkrijthe/RSSL/issues
instead.
Flavors: r-devel-linux-x86_64-debian-clang, r-devel-linux-x86_64-debian-gcc