Last updated on 2025-05-10 16:52:39 CEST.
Flavor | Version | Tinstall | Tcheck | Ttotal | Status | Flags |
---|---|---|---|---|---|---|
r-devel-linux-x86_64-debian-clang | 2.8.4 | 352.04 | 49.21 | 401.25 | OK | |
r-devel-linux-x86_64-debian-gcc | 2.8.4 | 281.67 | 47.40 | 329.07 | OK | |
r-devel-linux-x86_64-fedora-clang | 2.8.4 | 861.25 | OK | |||
r-devel-linux-x86_64-fedora-gcc | 2.8.4 | 927.07 | OK | |||
r-devel-windows-x86_64 | 2.8.4 | 402.00 | 107.00 | 509.00 | OK | |
r-patched-linux-x86_64 | 2.8.4 | 378.31 | 60.13 | 438.44 | OK | |
r-release-linux-x86_64 | 2.8.4 | 380.91 | 59.61 | 440.52 | OK | |
r-release-macos-arm64 | 2.8.4 | 156.00 | OK | |||
r-release-macos-x86_64 | 2.8.4 | 183.00 | OK | |||
r-release-windows-x86_64 | 2.8.4 | 408.00 | 111.00 | 519.00 | OK | |
r-oldrel-macos-arm64 | 2.8.4 | 158.00 | NOTE | |||
r-oldrel-macos-x86_64 | 2.8.4 | 184.00 | NOTE | |||
r-oldrel-windows-x86_64 | 2.8.4 | 472.00 | 130.00 | 602.00 | NOTE |
Version: 2.8.4
Check: installed package size
Result: NOTE
installed size is 119.5Mb
sub-directories of 1Mb or more:
extdata 2.0Mb
libs 117.3Mb
Flavors: r-oldrel-macos-arm64, r-oldrel-macos-x86_64, r-oldrel-windows-x86_64