CRAN Package Check Results for Package RND

Last updated on 2025-05-10 16:52:39 CEST.

Flavor Version Tinstall Tcheck Ttotal Status Flags
r-devel-linux-x86_64-debian-clang 1.2 3.36 34.68 38.04 NOTE
r-devel-linux-x86_64-debian-gcc 1.2 2.49 25.89 28.38 NOTE
r-devel-linux-x86_64-fedora-clang 1.2 59.73 OK
r-devel-linux-x86_64-fedora-gcc 1.2 58.67 OK
r-devel-windows-x86_64 1.2 4.00 61.00 65.00 OK
r-patched-linux-x86_64 1.2 3.57 33.23 36.80 OK
r-release-linux-x86_64 1.2 3.04 32.88 35.92 OK
r-release-macos-arm64 1.2 20.00 OK
r-release-macos-x86_64 1.2 37.00 OK
r-release-windows-x86_64 1.2 4.00 61.00 65.00 OK
r-oldrel-macos-arm64 1.2 20.00 OK
r-oldrel-macos-x86_64 1.2 29.00 OK
r-oldrel-windows-x86_64 1.2 5.00 59.00 64.00 OK

Check Details

Version: 1.2
Check: CRAN incoming feasibility
Result: NOTE Maintainer: ‘Kam Hamidieh <khamidieh@gmail.com>’ No Authors@R field in DESCRIPTION. Please add one, modifying Authors@R: person(given = "Kam", family = "Hamidieh", role = c("aut", "cre"), email = "khamidieh@gmail.com") as necessary. Flavors: r-devel-linux-x86_64-debian-clang, r-devel-linux-x86_64-debian-gcc