Last updated on 2025-05-10 20:49:51 CEST.
Flavor | Version | Tinstall | Tcheck | Ttotal | Status | Flags |
---|---|---|---|---|---|---|
r-devel-linux-x86_64-debian-clang | 1.2.2 | 12.58 | 107.15 | 119.73 | NOTE | |
r-devel-linux-x86_64-debian-gcc | 1.2.2 | 7.89 | 78.77 | 86.66 | NOTE | |
r-devel-linux-x86_64-fedora-clang | 1.2.2 | 196.88 | OK | |||
r-devel-linux-x86_64-fedora-gcc | 1.2.2 | 183.47 | OK | |||
r-devel-windows-x86_64 | 1.2.2 | 13.00 | 114.00 | 127.00 | NOTE | |
r-patched-linux-x86_64 | 1.2.2 | 11.61 | 99.15 | 110.76 | NOTE | |
r-release-linux-x86_64 | 1.2.2 | 11.26 | 98.01 | 109.27 | NOTE | |
r-release-macos-arm64 | 1.2.2 | 52.00 | OK | |||
r-release-macos-x86_64 | 1.2.2 | 106.00 | OK | |||
r-release-windows-x86_64 | 1.2.2 | 13.00 | 113.00 | 126.00 | NOTE | |
r-oldrel-macos-arm64 | 1.2.2 | 52.00 | OK | |||
r-oldrel-macos-x86_64 | 1.2.2 | 76.00 | OK | |||
r-oldrel-windows-x86_64 | 1.2.2 | 17.00 | 144.00 | 161.00 | OK |
Version: 1.2.2
Check: Rd cross-references
Result: NOTE
Found the following Rd file(s) with Rd \link{} targets missing package
anchors:
ci.Rd: lavaan
mbco.Rd: mxOption
Please provide package anchors for all Rd \link{} targets not in the
package itself and the base packages.
Flavors: r-devel-linux-x86_64-debian-clang, r-devel-linux-x86_64-debian-gcc, r-devel-windows-x86_64, r-patched-linux-x86_64, r-release-linux-x86_64, r-release-windows-x86_64