Last updated on 2024-05-19 12:53:57 CEST.
Flavor | Version | Tinstall | Tcheck | Ttotal | Status | Flags |
---|---|---|---|---|---|---|
r-devel-linux-x86_64-debian-clang | 1.4 | 22.27 | 35.42 | 57.69 | OK | |
r-devel-linux-x86_64-debian-gcc | 1.4 | 17.77 | 27.58 | 45.35 | OK | |
r-devel-linux-x86_64-fedora-clang | 1.4 | 79.88 | NOTE | |||
r-devel-linux-x86_64-fedora-gcc | 1.4 | 123.16 | NOTE | |||
r-devel-windows-x86_64 | 1.4 | 18.00 | 73.00 | 91.00 | OK | |
r-patched-linux-x86_64 | 1.4 | 21.17 | 33.56 | 54.73 | OK | |
r-release-linux-x86_64 | 1.4 | 22.50 | 34.92 | 57.42 | OK | |
r-release-macos-arm64 | 1.4 | 24.00 | OK | |||
r-release-windows-x86_64 | 1.4 | 18.00 | 75.00 | 93.00 | OK | |
r-oldrel-macos-arm64 | 1.4 | 30.00 | OK | |||
r-oldrel-macos-x86_64 | 1.4 | 60.00 | OK | |||
r-oldrel-windows-x86_64 | 1.4 | 18.00 | 84.00 | 102.00 | OK |
Version: 1.4
Check: compiled code
Result: NOTE
File ‘RI2by2/libs/RI2by2.so’:
Found no calls to: ‘R_registerRoutines’, ‘R_useDynamicSymbols’
It is good practice to register native routines and to disable symbol
search.
See ‘Writing portable packages’ in the ‘Writing R Extensions’ manual.
Flavors: r-devel-linux-x86_64-fedora-clang, r-devel-linux-x86_64-fedora-gcc