Last updated on 2025-07-21 16:50:29 CEST.
Flavor | Version | Tinstall | Tcheck | Ttotal | Status | Flags |
---|---|---|---|---|---|---|
r-devel-linux-x86_64-debian-clang | 5.0.0 | 21.98 | 154.53 | 176.51 | NOTE | |
r-devel-linux-x86_64-debian-gcc | 5.0.0 | 13.98 | 107.58 | 121.56 | NOTE | |
r-devel-linux-x86_64-fedora-clang | 5.0.0 | 293.37 | NOTE | |||
r-devel-linux-x86_64-fedora-gcc | 5.0.0 | 273.53 | NOTE | |||
r-devel-windows-x86_64 | 5.0.0 | 24.00 | 153.00 | 177.00 | NOTE | |
r-patched-linux-x86_64 | 5.0.0 | 20.37 | 146.82 | 167.19 | NOTE | |
r-release-linux-x86_64 | 5.0.0 | 18.02 | 145.96 | 163.98 | NOTE | |
r-release-macos-arm64 | 5.0.0 | 71.00 | NOTE | |||
r-release-macos-x86_64 | 5.0.0 | 153.00 | NOTE | |||
r-release-windows-x86_64 | 5.0.0 | 23.00 | 155.00 | 178.00 | NOTE | |
r-oldrel-macos-arm64 | 5.0.0 | 84.00 | OK | |||
r-oldrel-macos-x86_64 | 5.0.0 | 135.00 | OK | |||
r-oldrel-windows-x86_64 | 5.0.0 | 31.00 | 199.00 | 230.00 | OK |
Version: 5.0.0
Check: DESCRIPTION meta-information
Result: NOTE
Missing dependency on R >= 4.1.0 because package code uses the pipe
|> or function shorthand \(...) syntax added in R 4.1.0.
File(s) using such syntax:
‘RHRVEasy.R’ ‘easyStatsFunctions.R’
Flavors: r-devel-linux-x86_64-debian-clang, r-devel-linux-x86_64-debian-gcc, r-devel-linux-x86_64-fedora-clang, r-devel-linux-x86_64-fedora-gcc, r-devel-windows-x86_64, r-patched-linux-x86_64, r-release-linux-x86_64, r-release-macos-arm64, r-release-macos-x86_64, r-release-windows-x86_64