Last updated on 2025-05-10 20:49:51 CEST.
Flavor | Version | Tinstall | Tcheck | Ttotal | Status | Flags |
---|---|---|---|---|---|---|
r-devel-linux-x86_64-debian-clang | 0.0.3 | 45.04 | 31.94 | 76.98 | OK | |
r-devel-linux-x86_64-debian-gcc | 0.0.3 | 31.48 | 25.13 | 56.61 | OK | |
r-devel-linux-x86_64-fedora-clang | 0.0.3 | 112.51 | OK | |||
r-devel-linux-x86_64-fedora-gcc | 0.0.3 | 108.52 | OK | |||
r-devel-windows-x86_64 | 0.0.3 | 38.00 | 51.00 | 89.00 | OK | |
r-patched-linux-x86_64 | 0.0.3 | 45.70 | 29.99 | 75.69 | OK | |
r-release-linux-x86_64 | 0.0.3 | 42.75 | 29.97 | 72.72 | OK | |
r-release-macos-arm64 | 0.0.3 | 46.00 | OK | |||
r-release-macos-x86_64 | 0.0.3 | 94.00 | OK | |||
r-release-windows-x86_64 | 0.0.3 | 38.00 | 52.00 | 90.00 | OK | |
r-oldrel-macos-arm64 | 0.0.3 | 45.00 | NOTE | |||
r-oldrel-macos-x86_64 | 0.0.3 | 66.00 | NOTE | |||
r-oldrel-windows-x86_64 | 0.0.3 | 38.00 | 51.00 | 89.00 | NOTE |
Version: 0.0.3
Check: installed package size
Result: NOTE
installed size is 13.4Mb
sub-directories of 1Mb or more:
data 13.3Mb
Flavors: r-oldrel-macos-arm64, r-oldrel-macos-x86_64, r-oldrel-windows-x86_64