CRAN Package Check Results for Package R4CouchDB

Last updated on 2025-07-28 20:49:20 CEST.

Flavor Version Tinstall Tcheck Ttotal Status Flags
r-devel-linux-x86_64-debian-clang 0.7.5 3.10 29.20 32.30 NOTE
r-devel-linux-x86_64-debian-gcc 0.7.5 2.32 22.75 25.07 NOTE
r-devel-linux-x86_64-fedora-clang 0.7.5 49.70 OK
r-devel-linux-x86_64-fedora-gcc 0.7.5 47.00 OK
r-devel-windows-x86_64 0.7.5 6.00 55.00 61.00 OK
r-patched-linux-x86_64 0.7.5 2.85 27.61 30.46 OK
r-release-linux-x86_64 0.7.5 2.80 27.49 30.29 OK
r-release-macos-arm64 0.7.5 19.00 OK
r-release-macos-x86_64 0.7.5 31.00 OK
r-release-windows-x86_64 0.7.5 4.00 54.00 58.00 OK
r-oldrel-macos-arm64 0.7.5 18.00 OK
r-oldrel-macos-x86_64 0.7.5 30.00 OK
r-oldrel-windows-x86_64 0.7.5 4.00 60.00 64.00 OK

Check Details

Version: 0.7.5
Check: CRAN incoming feasibility
Result: NOTE Maintainer: ‘Thomas Bock <thsteinbock@web.de>’ No Authors@R field in DESCRIPTION. Please add one, modifying Authors@R: person(given = "Thomas", family = "Bock", role = c("aut", "cre"), email = "thsteinbock@web.de") as necessary. Flavors: r-devel-linux-x86_64-debian-clang, r-devel-linux-x86_64-debian-gcc