Last updated on 2025-05-10 16:52:38 CEST.
Flavor | Version | Tinstall | Tcheck | Ttotal | Status | Flags |
---|---|---|---|---|---|---|
r-devel-linux-x86_64-debian-clang | 0.1.1 | 7.39 | 78.34 | 85.73 | NOTE | |
r-devel-linux-x86_64-debian-gcc | 0.1.1 | 5.40 | 53.84 | 59.24 | NOTE | |
r-devel-linux-x86_64-fedora-clang | 0.1.1 | 123.17 | OK | |||
r-devel-linux-x86_64-fedora-gcc | 0.1.1 | 139.86 | OK | |||
r-devel-windows-x86_64 | 0.1.1 | 8.00 | 84.00 | 92.00 | OK | |
r-patched-linux-x86_64 | 0.1.1 | 6.95 | 71.80 | 78.75 | OK | |
r-release-linux-x86_64 | 0.1.1 | 6.69 | 72.50 | 79.19 | OK | |
r-release-macos-arm64 | 0.1.1 | 43.00 | OK | |||
r-release-macos-x86_64 | 0.1.1 | 82.00 | OK | |||
r-release-windows-x86_64 | 0.1.1 | 8.00 | 85.00 | 93.00 | OK | |
r-oldrel-macos-arm64 | 0.1.1 | 43.00 | OK | |||
r-oldrel-macos-x86_64 | 0.1.1 | 66.00 | OK | |||
r-oldrel-windows-x86_64 | 0.1.1 | 11.00 | 106.00 | 117.00 | OK |
Version: 0.1.1
Check: CRAN incoming feasibility
Result: NOTE
Maintainer: ‘Takahiko Koizumi <takahiko.koizumi@riken.jp>’
No Authors@R field in DESCRIPTION.
Please add one, modifying
Authors@R: c(person(given = "Takahiko",
family = "Koizumi",
role = c("aut", "cre"),
email = "takahiko.koizumi@riken.jp"),
person(given = "Kenta",
family = "Suzuki",
role = "aut"),
person(given = "Yasunori",
family = "Ichihashi",
role = "aut"))
as necessary.
Flavors: r-devel-linux-x86_64-debian-clang, r-devel-linux-x86_64-debian-gcc