Last updated on 2025-07-26 01:51:00 CEST.
Flavor | Version | Tinstall | Tcheck | Ttotal | Status | Flags |
---|---|---|---|---|---|---|
r-devel-linux-x86_64-debian-clang | 2023.01.17 | 12.32 | 130.55 | 142.87 | NOTE | |
r-devel-linux-x86_64-debian-gcc | 2025.07.24 | 8.72 | 75.51 | 84.23 | OK | |
r-devel-linux-x86_64-fedora-clang | 2025.07.24 | 190.44 | OK | |||
r-devel-linux-x86_64-fedora-gcc | 2025.07.24 | 178.56 | OK | |||
r-devel-windows-x86_64 | 2023.01.17 | 14.00 | 142.00 | 156.00 | NOTE | |
r-patched-linux-x86_64 | 2023.01.17 | 13.62 | 118.50 | 132.12 | NOTE | |
r-release-linux-x86_64 | 2023.01.17 | 11.27 | 119.33 | 130.60 | NOTE | |
r-release-macos-arm64 | 2023.01.17 | 72.00 | OK | |||
r-release-macos-x86_64 | 2025.07.24 | 101.00 | OK | |||
r-release-windows-x86_64 | 2025.07.24 | 13.00 | 145.00 | 158.00 | OK | |
r-oldrel-macos-arm64 | 2023.01.17 | 54.00 | OK | |||
r-oldrel-macos-x86_64 | 2025.07.24 | 145.00 | OK | |||
r-oldrel-windows-x86_64 | 2025.07.24 | 20.00 | 158.00 | 178.00 | OK |
Version: 2023.01.17
Check: Rd cross-references
Result: NOTE
Found the following Rd file(s) with Rd \link{} targets missing package
anchors:
followupTable.Rd: anova.coxph
specialFrame.Rd: model.design, strata, strip.terms
stripes.Rd: plot.prodlim
Please provide package anchors for all Rd \link{} targets not in the
package itself and the base packages.
Flavors: r-devel-linux-x86_64-debian-clang, r-devel-windows-x86_64, r-patched-linux-x86_64, r-release-linux-x86_64