Last updated on 2025-05-10 12:49:51 CEST.
Flavor | Version | Tinstall | Tcheck | Ttotal | Status | Flags |
---|---|---|---|---|---|---|
r-devel-linux-x86_64-debian-clang | 1.0.4.6 | 1995.05 | 201.71 | 2196.76 | OK | |
r-devel-linux-x86_64-debian-gcc | 1.0.4.6 | 1759.45 | 285.43 | 2044.88 | OK | |
r-devel-linux-x86_64-fedora-clang | 1.0.4.6 | 3325.48 | OK | |||
r-devel-linux-x86_64-fedora-gcc | 1.0.4.6 | 3869.91 | OK | |||
r-devel-windows-x86_64 | 1.0.4.6 | 2129.00 | 411.00 | 2540.00 | OK | |
r-patched-linux-x86_64 | 1.0.4.6 | 2295.99 | 390.58 | 2686.57 | OK | |
r-release-linux-x86_64 | 1.0.4.6 | 2248.45 | 392.94 | 2641.39 | OK | |
r-release-macos-arm64 | 1.0.4.6 | 852.00 | OK | |||
r-release-macos-x86_64 | 1.0.4.6 | 798.00 | OK | |||
r-release-windows-x86_64 | 1.0.4.6 | 2054.00 | 380.00 | 2434.00 | OK | |
r-oldrel-macos-arm64 | 1.0.4.6 | 684.00 | NOTE | |||
r-oldrel-macos-x86_64 | 1.0.4.6 | 902.00 | NOTE | |||
r-oldrel-windows-x86_64 | 1.0.4.6 | 2372.00 | 456.00 | 2828.00 | NOTE |
Version: 1.0.4.6
Check: installed package size
Result: NOTE
installed size is 227.0Mb
sub-directories of 1Mb or more:
libs 225.8Mb
Flavors: r-oldrel-macos-arm64, r-oldrel-macos-x86_64, r-oldrel-windows-x86_64
Version: 1.0.4.6
Check: for GNU extensions in Makefiles
Result: NOTE
GNU make is a SystemRequirements.
Flavors: r-oldrel-macos-arm64, r-oldrel-macos-x86_64, r-oldrel-windows-x86_64