Last updated on 2025-05-10 16:52:37 CEST.
Flavor | Version | Tinstall | Tcheck | Ttotal | Status | Flags |
---|---|---|---|---|---|---|
r-devel-linux-x86_64-debian-clang | 1.1.0 | 9.08 | 78.69 | 87.77 | NOTE | |
r-devel-linux-x86_64-debian-gcc | 1.1.0 | 6.37 | 59.67 | 66.04 | NOTE | |
r-devel-linux-x86_64-fedora-clang | 1.1.0 | 133.86 | OK | |||
r-devel-linux-x86_64-fedora-gcc | 1.1.0 | 129.09 | OK | |||
r-devel-windows-x86_64 | 1.1.0 | 10.00 | 87.00 | 97.00 | NOTE | |
r-patched-linux-x86_64 | 1.1.0 | 9.09 | 75.51 | 84.60 | NOTE | |
r-release-linux-x86_64 | 1.1.0 | 9.06 | 76.04 | 85.10 | NOTE | |
r-release-macos-arm64 | 1.1.0 | 46.00 | OK | |||
r-release-macos-x86_64 | 1.1.0 | 92.00 | OK | |||
r-release-windows-x86_64 | 1.1.0 | 10.00 | 90.00 | 100.00 | NOTE | |
r-oldrel-macos-arm64 | 1.1.0 | 40.00 | OK | |||
r-oldrel-macos-x86_64 | 1.1.0 | 62.00 | OK | |||
r-oldrel-windows-x86_64 | 1.1.0 | 12.00 | 110.00 | 122.00 | OK |
Version: 1.1.0
Check: CRAN incoming feasibility
Result: NOTE
Maintainer: ‘Sourish Das <sourish.das@gmail.com>’
File 'R/PortRisk-internal.R' sets .Random.seed.
This is usually neither needed nor wanted.
Flavors: r-devel-linux-x86_64-debian-clang, r-devel-linux-x86_64-debian-gcc
Version: 1.1.0
Check: Rd cross-references
Result: NOTE
Found the following Rd file(s) with Rd \link{} targets missing package
anchors:
SnP500Returns.Rd: zoo
access.Rd: zoo
portvol.Bayes.Rd: zoo
portvol.Rd: zoo
risk.attrib.Copula.Rd: zoo
risk.attribution.Rd: zoo
volatility.Rd: zoo
Please provide package anchors for all Rd \link{} targets not in the
package itself and the base packages.
Flavors: r-devel-linux-x86_64-debian-clang, r-devel-linux-x86_64-debian-gcc, r-devel-windows-x86_64, r-patched-linux-x86_64, r-release-linux-x86_64, r-release-windows-x86_64