Last updated on 2025-11-06 19:50:14 CET.
| Flavor | Version | Tinstall | Tcheck | Ttotal | Status | Flags |
|---|---|---|---|---|---|---|
| r-devel-linux-x86_64-debian-clang | 1.8.1 | 41.90 | 404.49 | 446.39 | OK | |
| r-devel-linux-x86_64-debian-gcc | 1.8.1 | 27.30 | 265.43 | 292.73 | OK | |
| r-devel-linux-x86_64-fedora-clang | 1.8.1 | 95.00 | 609.38 | 704.38 | OK | |
| r-devel-linux-x86_64-fedora-gcc | 1.8.1 | 101.00 | 592.97 | 693.97 | OK | |
| r-devel-windows-x86_64 | 1.8.1 | 51.00 | 379.00 | 430.00 | OK | |
| r-patched-linux-x86_64 | 1.8.1 | 47.16 | 384.18 | 431.34 | OK | |
| r-release-linux-x86_64 | 1.8.1 | 42.54 | 387.51 | 430.05 | OK | |
| r-release-macos-arm64 | 1.8.1 | 16.00 | 161.00 | 177.00 | OK | |
| r-release-macos-x86_64 | 1.8.1 | 67.00 | 540.00 | 607.00 | OK | |
| r-release-windows-x86_64 | 1.8.1 | 50.00 | 372.00 | 422.00 | OK | |
| r-oldrel-macos-arm64 | 1.8.1 | 16.00 | 157.00 | 173.00 | NOTE | |
| r-oldrel-macos-x86_64 | 1.8.1 | 62.00 | 507.00 | 569.00 | NOTE | |
| r-oldrel-windows-x86_64 | 1.8.1 | 59.00 | 503.00 | 562.00 | OK |
Version: 1.8.1
Check: installed package size
Result: NOTE
installed size is 5.1Mb
sub-directories of 1Mb or more:
libs 3.6Mb
Flavors: r-oldrel-macos-arm64, r-oldrel-macos-x86_64