Last updated on 2025-05-10 08:50:46 CEST.
Flavor | Version | Tinstall | Tcheck | Ttotal | Status | Flags |
---|---|---|---|---|---|---|
r-devel-linux-x86_64-debian-clang | 0.1.2 | 1.63 | 19.38 | 21.01 | NOTE | |
r-devel-linux-x86_64-debian-gcc | 0.1.2 | 1.38 | 15.85 | 17.23 | NOTE | |
r-devel-linux-x86_64-fedora-clang | 0.1.2 | 32.34 | OK | |||
r-devel-linux-x86_64-fedora-gcc | 0.1.2 | 31.07 | OK | |||
r-devel-windows-x86_64 | 0.1.2 | 3.00 | 42.00 | 45.00 | OK | |
r-patched-linux-x86_64 | 0.1.2 | 1.81 | 18.90 | 20.71 | OK | |
r-release-linux-x86_64 | 0.1.2 | 1.56 | 18.81 | 20.37 | OK | |
r-release-macos-arm64 | 0.1.2 | 16.00 | OK | |||
r-release-macos-x86_64 | 0.1.2 | 28.00 | OK | |||
r-release-windows-x86_64 | 0.1.2 | 3.00 | 43.00 | 46.00 | OK | |
r-oldrel-macos-arm64 | 0.1.2 | 15.00 | OK | |||
r-oldrel-macos-x86_64 | 0.1.2 | 22.00 | OK | |||
r-oldrel-windows-x86_64 | 0.1.2 | 2.00 | 43.00 | 45.00 | OK |
Version: 0.1.2
Check: CRAN incoming feasibility
Result: NOTE
Maintainer: ‘Julien Idé <julien.ide.fr@gmail.com>’
No Authors@R field in DESCRIPTION.
Please add one, modifying
Authors@R: person(given = "Julien",
family = "Idé",
role = c("aut", "cre"),
email = "julien.ide.fr@gmail.com")
as necessary.
Flavors: r-devel-linux-x86_64-debian-clang, r-devel-linux-x86_64-debian-gcc