CRAN Package Check Results for Package PakPMICS2014HL

Last updated on 2025-07-13 20:48:30 CEST.

Flavor Version Tinstall Tcheck Ttotal Status Flags
r-devel-linux-x86_64-debian-clang 0.1.1 29.31 26.83 56.14 NOTE
r-devel-linux-x86_64-debian-gcc 0.1.1 21.47 21.42 42.89 NOTE
r-devel-linux-x86_64-fedora-clang 0.1.1 87.33 NOTE
r-devel-linux-x86_64-fedora-gcc 0.1.1 85.22 NOTE
r-devel-windows-x86_64 0.1.1 26.00 51.00 77.00 NOTE
r-patched-linux-x86_64 0.1.1 29.46 24.43 53.89 NOTE
r-release-linux-x86_64 0.1.1 29.57 24.93 54.50 NOTE
r-release-macos-arm64 0.1.1 36.00 NOTE
r-release-macos-x86_64 0.1.1 58.00 NOTE
r-release-windows-x86_64 0.1.1 27.00 54.00 81.00 NOTE
r-oldrel-macos-arm64 0.1.1 38.00 NOTE
r-oldrel-macos-x86_64 0.1.1 45.00 NOTE
r-oldrel-windows-x86_64 0.1.1 33.00 56.00 89.00 NOTE

Check Details

Version: 0.1.1
Check: Rd files
Result: NOTE checkRd: (-1) MICS2014HL.Rd:109: Lost braces in \enumerate; meant \describe ? checkRd: (-1) MICS2014HL.Rd:110: Lost braces in \enumerate; meant \describe ? Flavors: r-devel-linux-x86_64-debian-clang, r-devel-linux-x86_64-debian-gcc, r-devel-linux-x86_64-fedora-clang, r-devel-linux-x86_64-fedora-gcc, r-devel-windows-x86_64, r-patched-linux-x86_64, r-release-linux-x86_64, r-release-macos-arm64, r-release-macos-x86_64, r-release-windows-x86_64, r-oldrel-macos-arm64, r-oldrel-macos-x86_64, r-oldrel-windows-x86_64

Version: 0.1.1
Check: dependencies in R code
Result: NOTE Namespace in Imports field not imported from: ‘stats’ All declared Imports should be used. Flavors: r-devel-linux-x86_64-fedora-clang, r-devel-linux-x86_64-fedora-gcc