Last updated on 2025-07-25 16:49:53 CEST.
Flavor | Version | Tinstall | Tcheck | Ttotal | Status | Flags |
---|---|---|---|---|---|---|
r-devel-linux-x86_64-debian-clang | 0.0.3 | 14.46 | 103.50 | 117.96 | NOTE | |
r-devel-linux-x86_64-debian-gcc | 0.0.3 | 11.46 | 75.62 | 87.08 | NOTE | |
r-devel-linux-x86_64-fedora-clang | 0.0.3.1 | 184.81 | NOTE | |||
r-devel-linux-x86_64-fedora-gcc | 0.0.3.1 | 176.13 | NOTE | |||
r-devel-windows-x86_64 | 0.0.3 | 14.00 | 101.00 | 115.00 | NOTE | |
r-patched-linux-x86_64 | 0.0.3 | 13.04 | 95.27 | 108.31 | NOTE | |
r-release-linux-x86_64 | 0.0.3 | 10.69 | 96.91 | 107.60 | NOTE | |
r-release-macos-arm64 | 0.0.3 | 50.00 | OK | |||
r-release-macos-x86_64 | 0.0.3.1 | 117.00 | OK | |||
r-release-windows-x86_64 | 0.0.3.1 | 17.00 | 120.00 | 137.00 | OK | |
r-oldrel-macos-arm64 | 0.0.3 | 51.00 | OK | |||
r-oldrel-macos-x86_64 | 0.0.3.1 | 97.00 | OK | |||
r-oldrel-windows-x86_64 | 0.0.3.1 | 22.00 | 132.00 | 154.00 | OK |
Version: 0.0.3
Check: Rd cross-references
Result: NOTE
Found the following Rd file(s) with Rd \link{} targets missing package
anchors:
PWI.Rd: bibliometrix, convert2df
PWI2.Rd: convert2df
countries.Rd: biblioAnalysis
Please provide package anchors for all Rd \link{} targets not in the
package itself and the base packages.
Flavors: r-devel-linux-x86_64-debian-clang, r-devel-linux-x86_64-debian-gcc, r-devel-windows-x86_64, r-patched-linux-x86_64, r-release-linux-x86_64
Version: 0.0.3.1
Check: dependencies in R code
Result: NOTE
Namespace in Imports field not imported from: ‘progressr’
All declared Imports should be used.
Flavors: r-devel-linux-x86_64-fedora-clang, r-devel-linux-x86_64-fedora-gcc