Last updated on 2025-05-10 16:52:37 CEST.
Flavor | Version | Tinstall | Tcheck | Ttotal | Status | Flags |
---|---|---|---|---|---|---|
r-devel-linux-x86_64-debian-clang | 1.3.8 | 16.28 | 232.44 | 248.72 | NOTE | |
r-devel-linux-x86_64-debian-gcc | 1.3.8 | 10.93 | 108.97 | 119.90 | ERROR | |
r-devel-linux-x86_64-fedora-clang | 1.3.8 | 392.18 | NOTE | |||
r-devel-linux-x86_64-fedora-gcc | 1.3.8 | 371.78 | NOTE | |||
r-devel-windows-x86_64 | 1.3.8 | 16.00 | 195.00 | 211.00 | NOTE | |
r-patched-linux-x86_64 | 1.3.8 | 14.85 | 221.36 | 236.21 | NOTE | |
r-release-linux-x86_64 | 1.3.8 | 13.02 | 221.29 | 234.31 | NOTE | |
r-release-macos-arm64 | 1.3.8 | 96.00 | NOTE | |||
r-release-macos-x86_64 | 1.3.8 | 158.00 | NOTE | |||
r-release-windows-x86_64 | 1.3.8 | 16.00 | 194.00 | 210.00 | NOTE | |
r-oldrel-macos-arm64 | 1.3.8 | 82.00 | NOTE | |||
r-oldrel-macos-x86_64 | 1.3.8 | 124.00 | NOTE | |||
r-oldrel-windows-x86_64 | 1.3.8 | 22.00 | 258.00 | 280.00 | NOTE |
Version: 1.3.8
Check: DESCRIPTION meta-information
Result: NOTE
Missing dependency on R >= 4.1.0 because package code uses the pipe
|> or function shorthand \(...) syntax added in R 4.1.0.
File(s) using such syntax:
‘boot.weighting.R’
Flavors: r-devel-linux-x86_64-debian-clang, r-devel-linux-x86_64-debian-gcc, r-devel-linux-x86_64-fedora-clang, r-devel-linux-x86_64-fedora-gcc, r-devel-windows-x86_64, r-patched-linux-x86_64, r-release-linux-x86_64, r-release-macos-arm64, r-release-macos-x86_64, r-release-windows-x86_64
Version: 1.3.8
Check: Rd cross-references
Result: NOTE
Found the following Rd file(s) with Rd \link{} targets missing package
anchors:
PSAboot.Rd: Match
balance.matching.Rd: cv.trans.psa
boot.ctree.Rd: cv.trans.psa
boot.matching.Rd: cv.trans.psa, Match
boot.matchit.Rd: cv.trans.psa
boot.rpart.Rd: cv.trans.psa
boot.strata.Rd: cv.trans.psa
boot.weighting.Rd: cv.trans.psa
boxplot.PSAboot.balance.Rd: facet_wrap
hist.PSAboot.Rd: geom_histogram
Please provide package anchors for all Rd \link{} targets not in the
package itself and the base packages.
Flavors: r-devel-linux-x86_64-debian-clang, r-devel-linux-x86_64-debian-gcc, r-devel-windows-x86_64, r-patched-linux-x86_64, r-release-linux-x86_64, r-release-windows-x86_64
Version: 1.3.8
Check: re-building of vignette outputs
Result: ERROR
Error(s) in re-building vignettes:
...
--- re-building ‘MatchingOrder.Rmd’ using rmarkdown
** Processing: /home/hornik/tmp/R.check/r-devel-gcc/Work/PKGS/PSAboot.Rcheck/vign_test/PSAboot/vignettes/MatchingOrder_files/figure-html/lalonde-boxplot-1.png
2304x768 pixels, 3x8 bits/pixel, RGB
Input IDAT size = 47516 bytes
Input file size = 47654 bytes
Trying:
zc = 9 zm = 8 zs = 0 f = 0
zc = 9 zm = 8 zs = 1 f = 0
zc = 1 zm = 8 zs = 2 f = 0
zc = 9 zm = 8 zs = 3 f = 0
zc = 9 zm = 8 zs = 0 f = 5 IDAT size = 45386
zc = 9 zm = 8 zs = 1 f = 5
zc = 1 zm = 8 zs = 2 f = 5
zc = 9 zm = 8 zs = 3 f = 5
Selecting parameters:
zc = 9 zm = 8 zs = 0 f = 5 IDAT size = 45386
Output IDAT size = 45386 bytes (2130 bytes decrease)
Output file size = 45464 bytes (2190 bytes = 4.60% decrease)
** Processing: /home/hornik/tmp/R.check/r-devel-gcc/Work/PKGS/PSAboot.Rcheck/vign_test/PSAboot/vignettes/MatchingOrder_files/figure-html/lalonde-balance-1.png
2304x768 pixels, 8 bits/pixel, 256 colors in palette
Reducing image to 8 bits/pixel, grayscale
Input IDAT size = 37018 bytes
Input file size = 37924 bytes
Trying:
zc = 9 zm = 8 zs = 0 f = 0 IDAT size = 30060
zc = 9 zm = 8 zs = 1 f = 0
zc = 1 zm = 8 zs = 2 f = 0
zc = 9 zm = 8 zs = 3 f = 0
zc = 9 zm = 8 zs = 0 f = 5 IDAT size = 27987
zc = 9 zm = 8 zs = 1 f = 5 IDAT size = 27757
zc = 1 zm = 8 zs = 2 f = 5
zc = 9 zm = 8 zs = 3 f = 5
Selecting parameters:
zc = 9 zm = 8 zs = 1 f = 5 IDAT size = 27757
Output IDAT size = 27757 bytes (9261 bytes decrease)
Output file size = 27835 bytes (10089 bytes = 26.60% decrease)
** Processing: /home/hornik/tmp/R.check/r-devel-gcc/Work/PKGS/PSAboot.Rcheck/vign_test/PSAboot/vignettes/MatchingOrder_files/figure-html/tutoring-boxplot-1.png
2304x768 pixels, 3x8 bits/pixel, RGB
Input IDAT size = 43580 bytes
Input file size = 43718 bytes
Trying:
zc = 9 zm = 8 zs = 0 f = 0
zc = 9 zm = 8 zs = 1 f = 0
zc = 1 zm = 8 zs = 2 f = 0
zc = 9 zm = 8 zs = 3 f = 0
zc = 9 zm = 8 zs = 0 f = 5 IDAT size = 41812
zc = 9 zm = 8 zs = 1 f = 5
zc = 1 zm = 8 zs = 2 f = 5
zc = 9 zm = 8 zs = 3 f = 5
Selecting parameters:
zc = 9 zm = 8 zs = 0 f = 5 IDAT size = 41812
Output IDAT size = 41812 bytes (1768 bytes decrease)
Output file size = 41890 bytes (1828 bytes = 4.18% decrease)
** Processing: /home/hornik/tmp/R.check/r-devel-gcc/Work/PKGS/PSAboot.Rcheck/vign_test/PSAboot/vignettes/MatchingOrder_files/figure-html/tutoring-balance-1.png
2304x768 pixels, 8 bits/pixel, 256 colors in palette
Reducing image to 8 bits/pixel, grayscale
Input IDAT size = 37423 bytes
Input file size = 38329 bytes
Trying:
zc = 9 zm = 8 zs = 0 f = 0 IDAT size = 28191
zc = 9 zm = 8 zs = 1 f = 0
zc = 1 zm = 8 zs = 2 f = 0
zc = 9 zm = 8 zs = 3 f = 0
zc = 9 zm = 8 zs = 0 f = 5 IDAT size = 24894
zc = 9 zm = 8 zs = 1 f = 5 IDAT size = 24686
zc = 1 zm = 8 zs = 2 f = 5
zc = 9 zm = 8 zs = 3 f = 5
Selecting parameters:
zc = 9 zm = 8 zs = 1 f = 5 IDAT size = 24686
Output IDAT size = 24686 bytes (12737 bytes decrease)
Output file size = 24764 bytes (13565 bytes = 35.39% decrease)
--- finished re-building ‘MatchingOrder.Rmd’
--- re-building ‘PSAboot.Rmd’ using rmarkdown
Quitting from PSAboot.Rmd:133-143 [lalonde.boot]
~~~~~~~~~~~~~~~~~~~~~~~~~~~~~~~~~~~~~~~~~~~~~~~~~~~~~~~~~~~~~~~~~~~~~~~~~~~~~~~~
<error/rlang_error>
Error in `tmp[[i]]$summary`:
! $ operator is invalid for atomic vectors
---
Backtrace:
▆
1. └─PSAboot::PSAboot(...)
~~~~~~~~~~~~~~~~~~~~~~~~~~~~~~~~~~~~~~~~~~~~~~~~~~~~~~~~~~~~~~~~~~~~~~~~~~~~~~~~
Error: processing vignette 'PSAboot.Rmd' failed with diagnostics:
$ operator is invalid for atomic vectors
--- failed re-building ‘PSAboot.Rmd’
SUMMARY: processing the following file failed:
‘PSAboot.Rmd’
Error: Vignette re-building failed.
Execution halted
Flavor: r-devel-linux-x86_64-debian-gcc
Version: 1.3.8
Check: installed package size
Result: NOTE
installed size is 6.3Mb
sub-directories of 1Mb or more:
doc 5.5Mb
Flavors: r-oldrel-macos-arm64, r-oldrel-macos-x86_64, r-oldrel-windows-x86_64