Last updated on 2024-05-19 12:53:55 CEST.
Flavor | Version | Tinstall | Tcheck | Ttotal | Status | Flags |
---|---|---|---|---|---|---|
r-devel-linux-x86_64-debian-clang | 0.4.5 | 7.77 | 32.82 | 40.59 | NOTE | |
r-devel-linux-x86_64-debian-gcc | 0.4.5 | 4.93 | 25.84 | 30.77 | NOTE | |
r-devel-linux-x86_64-fedora-clang | 0.4.5 | 53.18 | NOTE | |||
r-devel-linux-x86_64-fedora-gcc | 0.4.5 | 69.50 | NOTE | |||
r-devel-windows-x86_64 | 0.4.5 | 5.00 | 4.00 | 9.00 | ERROR | |
r-patched-linux-x86_64 | 0.4.5 | 5.92 | 32.32 | 38.24 | NOTE | |
r-release-linux-x86_64 | 0.4.5 | 5.19 | 33.00 | 38.19 | NOTE | |
r-release-macos-arm64 | 0.4.5 | 37.00 | NOTE | |||
r-release-windows-x86_64 | 0.4.5 | 5.00 | 5.00 | 10.00 | ERROR | |
r-oldrel-macos-arm64 | 0.4.5 | 48.00 | NOTE | |||
r-oldrel-macos-x86_64 | 0.4.5 | 81.00 | OK | |||
r-oldrel-windows-x86_64 | 0.4.5 | 13.00 | 206.00 | 219.00 | NOTE |
Version: 0.4.5
Check: HTML version of manual
Result: NOTE
Found the following HTML validation problems:
proj_crs_text.html:65:1 (proj_crs_text.Rd:29): Warning: trimming empty <h3>
Flavors: r-devel-linux-x86_64-debian-clang, r-devel-linux-x86_64-debian-gcc, r-devel-linux-x86_64-fedora-clang, r-devel-linux-x86_64-fedora-gcc, r-patched-linux-x86_64, r-release-linux-x86_64
Version: 0.4.5
Check: whether package can be installed
Result: ERROR
Installation failed.
Flavors: r-devel-windows-x86_64, r-release-windows-x86_64
Version: 0.4.5
Check: installed package size
Result: NOTE
installed size is 17.8Mb
sub-directories of 1Mb or more:
libs 17.5Mb
Flavors: r-release-macos-arm64, r-oldrel-macos-arm64, r-oldrel-windows-x86_64