CRAN Package Check Results for Package PPLasso

Last updated on 2025-07-21 12:50:11 CEST.

Flavor Version Tinstall Tcheck Ttotal Status Flags
r-devel-linux-x86_64-debian-clang 2.0 11.42 93.81 105.23 NOTE
r-devel-linux-x86_64-debian-gcc 2.0 8.47 66.11 74.58 NOTE
r-devel-linux-x86_64-fedora-clang 2.0 167.35 OK
r-devel-linux-x86_64-fedora-gcc 2.0 197.26 OK
r-devel-windows-x86_64 2.0 13.00 97.00 110.00 NOTE
r-patched-linux-x86_64 2.0 11.15 88.37 99.52 NOTE
r-release-linux-x86_64 2.0 11.35 87.82 99.17 NOTE
r-release-macos-arm64 2.0 61.00 OK
r-release-macos-x86_64 2.0 109.00 OK
r-release-windows-x86_64 2.0 12.00 97.00 109.00 NOTE
r-oldrel-macos-arm64 2.0 58.00 OK
r-oldrel-macos-x86_64 2.0 87.00 OK
r-oldrel-windows-x86_64 2.0 17.00 129.00 146.00 OK

Check Details

Version: 2.0
Check: Rd cross-references
Result: NOTE Found the following Rd file(s) with Rd \link{} targets missing package anchors: ProgPredLasso.Rd: cvCovEst Please provide package anchors for all Rd \link{} targets not in the package itself and the base packages. Flavors: r-devel-linux-x86_64-debian-clang, r-devel-linux-x86_64-debian-gcc, r-devel-windows-x86_64, r-patched-linux-x86_64, r-release-linux-x86_64, r-release-windows-x86_64