Last updated on 2025-07-15 12:49:28 CEST.
Flavor | Version | Tinstall | Tcheck | Ttotal | Status | Flags |
---|---|---|---|---|---|---|
r-devel-linux-x86_64-debian-clang | 0.1.5 | 11.75 | 84.47 | 96.22 | NOTE | |
r-devel-linux-x86_64-debian-gcc | 0.1.5 | 6.97 | 61.57 | 68.54 | NOTE | |
r-devel-linux-x86_64-fedora-clang | 0.1.5 | 150.79 | OK | |||
r-devel-linux-x86_64-fedora-gcc | 0.1.5 | 142.75 | OK | |||
r-devel-windows-x86_64 | 0.1.5 | 12.00 | 99.00 | 111.00 | OK | |
r-patched-linux-x86_64 | 0.1.5 | 11.31 | 79.92 | 91.23 | OK | |
r-release-linux-x86_64 | 0.1.5 | 8.51 | 80.02 | 88.53 | OK | |
r-release-macos-arm64 | 0.1.5 | 48.00 | OK | |||
r-release-macos-x86_64 | 0.1.5 | 88.00 | OK | |||
r-release-windows-x86_64 | 0.1.5 | 12.00 | 113.00 | 125.00 | OK | |
r-oldrel-macos-arm64 | 0.1.5 | 41.00 | OK | |||
r-oldrel-macos-x86_64 | 0.1.5 | 73.00 | OK | |||
r-oldrel-windows-x86_64 | 0.1.5 | 17.00 | 115.00 | 132.00 | OK |
Version: 0.1.5
Check: CRAN incoming feasibility
Result: NOTE
Maintainer: ‘David Hofmeyr <dhofmeyr@sun.ac.za>’
No Authors@R field in DESCRIPTION.
Please add one, modifying
Authors@R: person(given = "David",
family = "Hofmeyr",
role = c("aut", "cre"),
email = "n.pavlidis@lancaster.ac.uk")
as necessary.
Flavors: r-devel-linux-x86_64-debian-clang, r-devel-linux-x86_64-debian-gcc