Last updated on 2025-05-10 20:49:48 CEST.
Flavor | Version | Tinstall | Tcheck | Ttotal | Status | Flags |
---|---|---|---|---|---|---|
r-devel-linux-x86_64-debian-clang | 1.5 | 9.65 | 45.81 | 55.46 | NOTE | |
r-devel-linux-x86_64-debian-gcc | 1.5 | 6.40 | 30.13 | 36.53 | NOTE | |
r-devel-linux-x86_64-fedora-clang | 1.5 | 87.17 | OK | |||
r-devel-linux-x86_64-fedora-gcc | 1.5 | 83.13 | OK | |||
r-devel-windows-x86_64 | 1.5 | 12.00 | 56.00 | 68.00 | OK | |
r-patched-linux-x86_64 | 1.5 | 7.94 | 42.90 | 50.84 | OK | |
r-release-linux-x86_64 | 1.5 | 8.05 | 43.18 | 51.23 | OK | |
r-release-macos-arm64 | 1.5 | 29.00 | OK | |||
r-release-macos-x86_64 | 1.5 | 44.00 | OK | |||
r-release-windows-x86_64 | 1.5 | 11.00 | 58.00 | 69.00 | OK | |
r-oldrel-macos-arm64 | 1.5 | 23.00 | NOTE | |||
r-oldrel-macos-x86_64 | 1.5 | 38.00 | NOTE | |||
r-oldrel-windows-x86_64 | 1.5 | 14.00 | 69.00 | 83.00 | NOTE |
Version: 1.5
Check: CRAN incoming feasibility
Result: NOTE
Maintainer: ‘Eun-Kyung Lee <lee.eunk@gmail.com>’
No Authors@R field in DESCRIPTION.
Please add one, modifying
Authors@R: c(person(given = "Eun-Kyung",
family = "Lee",
role = c("aut", "cre"),
email = "lee.eunk@gmail.com"),
person(given = "Hye-sun",
family = "Cho",
role = "aut"))
as necessary.
Flavors: r-devel-linux-x86_64-debian-clang, r-devel-linux-x86_64-debian-gcc
Version: 1.5
Check: LazyData
Result: NOTE
'LazyData' is specified without a 'data' directory
Flavors: r-oldrel-macos-arm64, r-oldrel-macos-x86_64, r-oldrel-windows-x86_64