Last updated on 2025-05-10 16:52:37 CEST.
Flavor | Version | Tinstall | Tcheck | Ttotal | Status | Flags |
---|---|---|---|---|---|---|
r-devel-linux-x86_64-debian-clang | 1.4.1 | 57.15 | 476.87 | 534.02 | OK | |
r-devel-linux-x86_64-debian-gcc | 1.4.1 | 40.81 | 364.10 | 404.91 | OK | |
r-devel-linux-x86_64-fedora-clang | 1.4.1 | 1031.50 | NOTE | |||
r-devel-linux-x86_64-fedora-gcc | 1.4.1 | 1119.22 | NOTE | |||
r-devel-windows-x86_64 | 1.4.1 | 68.00 | 585.00 | 653.00 | OK | |
r-patched-linux-x86_64 | 1.4.1 | 59.17 | 500.33 | 559.50 | OK | |
r-release-linux-x86_64 | 1.4.1 | 59.45 | 494.56 | 554.01 | OK | |
r-release-macos-arm64 | 1.4.1 | 209.00 | OK | |||
r-release-macos-x86_64 | 1.4.1 | 412.00 | OK | |||
r-release-windows-x86_64 | 1.4.1 | 67.00 | 577.00 | 644.00 | OK | |
r-oldrel-macos-arm64 | 1.4.1 | 217.00 | OK | |||
r-oldrel-macos-x86_64 | 1.4.1 | 436.00 | OK | |||
r-oldrel-windows-x86_64 | 1.4.1 | 84.00 | 721.00 | 805.00 | OK |
Version: 1.4.1
Check: dependencies in R code
Result: NOTE
Namespace in Imports field not imported from: ‘BH’
All declared Imports should be used.
Flavors: r-devel-linux-x86_64-fedora-clang, r-devel-linux-x86_64-fedora-gcc