Last updated on 2025-05-10 16:52:37 CEST.
Flavor | Version | Tinstall | Tcheck | Ttotal | Status | Flags |
---|---|---|---|---|---|---|
r-devel-linux-x86_64-debian-clang | 1.0.1 | 6.62 | 56.69 | 63.31 | NOTE | |
r-devel-linux-x86_64-debian-gcc | 1.0.1 | 5.19 | 42.13 | 47.32 | NOTE | |
r-devel-linux-x86_64-fedora-clang | 1.0.1 | 97.11 | OK | |||
r-devel-linux-x86_64-fedora-gcc | 1.0.1 | 91.68 | OK | |||
r-devel-windows-x86_64 | 1.0.1 | 7.00 | 65.00 | 72.00 | OK | |
r-patched-linux-x86_64 | 1.0.1 | 5.18 | 53.24 | 58.42 | OK | |
r-release-linux-x86_64 | 1.0.1 | 5.62 | 52.08 | 57.70 | OK | |
r-release-macos-arm64 | 1.0.1 | 33.00 | OK | |||
r-release-macos-x86_64 | 1.0.1 | 60.00 | OK | |||
r-release-windows-x86_64 | 1.0.1 | 7.00 | 66.00 | 73.00 | OK | |
r-oldrel-macos-arm64 | 1.0.1 | 32.00 | OK | |||
r-oldrel-macos-x86_64 | 1.0.1 | 50.00 | OK | |||
r-oldrel-windows-x86_64 | 1.0.1 | 9.00 | 79.00 | 88.00 | OK |
Version: 1.0.1
Check: CRAN incoming feasibility
Result: NOTE
Maintainer: ‘Meta-Lina Spohn <metalina.spohn@stat.math.ethz.ch>’
The Description field contains
Michel et al. (2021) <arXiv:2109.10150>.
Please refer to arXiv e-prints via their arXiv DOI <doi:10.48550/arXiv.YYMM.NNNNN>.
Flavors: r-devel-linux-x86_64-debian-clang, r-devel-linux-x86_64-debian-gcc