CRAN Package Check Results for Package PHENTHAUproc

Last updated on 2025-05-10 12:49:50 CEST.

Flavor Version Tinstall Tcheck Ttotal Status Flags
r-devel-linux-x86_64-debian-clang 1.1 3.69 112.60 116.29 NOTE
r-devel-linux-x86_64-debian-gcc 1.1 2.85 77.83 80.68 NOTE
r-devel-linux-x86_64-fedora-clang 1.1 196.71 NOTE
r-devel-linux-x86_64-fedora-gcc 1.1 193.71 NOTE
r-devel-windows-x86_64 1.1 7.00 122.00 129.00 NOTE
r-patched-linux-x86_64 1.1 5.12 107.68 112.80 NOTE
r-release-linux-x86_64 1.1 3.98 107.00 110.98 NOTE
r-release-macos-arm64 1.1 66.00 NOTE
r-release-macos-x86_64 1.1 139.00 NOTE
r-release-windows-x86_64 1.1 6.00 121.00 127.00 NOTE
r-oldrel-macos-arm64 1.1 67.00 OK
r-oldrel-macos-x86_64 1.1 177.00 OK
r-oldrel-windows-x86_64 1.1 7.00 152.00 159.00 OK

Check Details

Version: 1.1
Check: DESCRIPTION meta-information
Result: NOTE Missing dependency on R >= 4.1.0 because package code uses the pipe |> or function shorthand \(...) syntax added in R 4.1.0. File(s) using such syntax: ‘plot_station_step.R’ Flavors: r-devel-linux-x86_64-debian-clang, r-devel-linux-x86_64-debian-gcc, r-devel-linux-x86_64-fedora-clang, r-devel-linux-x86_64-fedora-gcc, r-devel-windows-x86_64, r-patched-linux-x86_64, r-release-linux-x86_64, r-release-macos-arm64, r-release-macos-x86_64, r-release-windows-x86_64