Last updated on 2025-05-10 16:52:36 CEST.
Flavor | Version | Tinstall | Tcheck | Ttotal | Status | Flags |
---|---|---|---|---|---|---|
r-devel-linux-x86_64-debian-clang | 1.0.0 | 27.93 | 338.99 | 366.92 | OK | |
r-devel-linux-x86_64-debian-gcc | 1.0.0 | 22.71 | 217.68 | 240.39 | OK | |
r-devel-linux-x86_64-fedora-clang | 1.0.0 | 542.04 | OK | |||
r-devel-linux-x86_64-fedora-gcc | 1.0.0 | 560.28 | OK | |||
r-devel-windows-x86_64 | 1.0.0 | 32.00 | 244.00 | 276.00 | OK | |
r-patched-linux-x86_64 | 1.0.0 | 28.12 | 323.22 | 351.34 | OK | |
r-release-linux-x86_64 | 1.0.0 | 27.56 | 321.91 | 349.47 | OK | |
r-release-macos-arm64 | 1.0.0 | 157.00 | OK | |||
r-release-macos-x86_64 | 1.0.0 | 361.00 | OK | |||
r-release-windows-x86_64 | 1.0.0 | 31.00 | 244.00 | 275.00 | OK | |
r-oldrel-macos-arm64 | 1.0.0 | 152.00 | NOTE | |||
r-oldrel-macos-x86_64 | 1.0.0 | 354.00 | NOTE | |||
r-oldrel-windows-x86_64 | 1.0.0 | 39.00 | 380.00 | 419.00 | OK |
Version: 1.0.0
Check: installed package size
Result: NOTE
installed size is 5.2Mb
sub-directories of 1Mb or more:
R 4.1Mb
Flavors: r-oldrel-macos-arm64, r-oldrel-macos-x86_64