Last updated on 2025-05-10 08:50:46 CEST.
Flavor | Version | Tinstall | Tcheck | Ttotal | Status | Flags |
---|---|---|---|---|---|---|
r-devel-linux-x86_64-debian-clang | 2.69.3 | 19.60 | 103.02 | 122.62 | NOTE | |
r-devel-linux-x86_64-debian-gcc | 2.69.3 | 14.46 | 75.84 | 90.30 | NOTE | |
r-devel-linux-x86_64-fedora-clang | 2.69.3 | 197.33 | NOTE | |||
r-devel-linux-x86_64-fedora-gcc | 2.69.3 | 205.12 | NOTE | |||
r-devel-windows-x86_64 | 2.69.3 | 18.00 | 122.00 | 140.00 | NOTE | |
r-patched-linux-x86_64 | 2.69.3 | 20.28 | 97.53 | 117.81 | NOTE | |
r-release-linux-x86_64 | 2.69.3 | 18.44 | 96.98 | 115.42 | NOTE | |
r-release-macos-arm64 | 2.69.3 | 124.00 | NOTE | |||
r-release-macos-x86_64 | 2.69.3 | 115.00 | NOTE | |||
r-release-windows-x86_64 | 2.69.3 | 19.00 | 132.00 | 151.00 | NOTE | |
r-oldrel-macos-arm64 | 2.69.3 | 80.00 | NOTE | |||
r-oldrel-macos-x86_64 | 2.69.3 | 86.00 | NOTE | |||
r-oldrel-windows-x86_64 | 2.69.3 | 19.00 | 136.00 | 155.00 | NOTE |
Version: 2.69.3
Check: compiled code
Result: NOTE
File ‘PBSmodelling/libs/PBSmodelling.so’:
Found non-API call to R: ‘SET_TYPEOF’
Compiled code should not call non-API entry points in R.
See ‘Writing portable packages’ in the ‘Writing R Extensions’ manual,
and section ‘Moving into C API compliance’ for issues with the use of
non-API entry points.
Flavors: r-devel-linux-x86_64-debian-clang, r-devel-linux-x86_64-debian-gcc, r-devel-linux-x86_64-fedora-clang, r-devel-linux-x86_64-fedora-gcc, r-patched-linux-x86_64, r-release-linux-x86_64, r-release-macos-arm64, r-release-macos-x86_64
Version: 2.69.3
Check: compiled code
Result: NOTE
File 'PBSmodelling/libs/x64/PBSmodelling.dll':
Found non-API call to R: 'SET_TYPEOF'
Compiled code should not call non-API entry points in R.
See 'Writing portable packages' in the 'Writing R Extensions' manual,
and section 'Moving into C API compliance' for issues with the use of
non-API entry points.
Flavors: r-devel-windows-x86_64, r-release-windows-x86_64
Version: 2.69.3
Check: installed package size
Result: NOTE
installed size is 5.4Mb
sub-directories of 1Mb or more:
doc 1.4Mb
examples 1.7Mb
Flavors: r-oldrel-macos-arm64, r-oldrel-macos-x86_64, r-oldrel-windows-x86_64