Last updated on 2025-05-10 12:49:49 CEST.
Flavor | Version | Tinstall | Tcheck | Ttotal | Status | Flags |
---|---|---|---|---|---|---|
r-devel-linux-x86_64-debian-clang | 2.74.1 | 19.48 | 84.99 | 104.47 | OK | |
r-devel-linux-x86_64-debian-gcc | 2.74.1 | 15.63 | 60.10 | 75.73 | OK | |
r-devel-linux-x86_64-fedora-clang | 2.74.1 | 163.65 | OK | |||
r-devel-linux-x86_64-fedora-gcc | 2.74.1 | 178.55 | OK | |||
r-devel-windows-x86_64 | 2.74.1 | 27.00 | 129.00 | 156.00 | OK | |
r-patched-linux-x86_64 | 2.74.1 | 25.24 | 80.25 | 105.49 | OK | |
r-release-linux-x86_64 | 2.74.1 | 20.17 | 80.71 | 100.88 | OK | |
r-release-macos-arm64 | 2.74.1 | 49.00 | OK | |||
r-release-macos-x86_64 | 2.74.1 | 99.00 | OK | |||
r-release-windows-x86_64 | 2.74.1 | 26.00 | 133.00 | 159.00 | OK | |
r-oldrel-macos-arm64 | 2.74.1 | 52.00 | NOTE | |||
r-oldrel-macos-x86_64 | 2.74.1 | 151.00 | NOTE | |||
r-oldrel-windows-x86_64 | 2.74.1 | 25.00 | 125.00 | 150.00 | NOTE |
Version: 2.74.1
Check: installed package size
Result: NOTE
installed size is 6.8Mb
sub-directories of 1Mb or more:
data 2.7Mb
doc 1.2Mb
libs 1.4Mb
Flavors: r-oldrel-macos-arm64, r-oldrel-macos-x86_64, r-oldrel-windows-x86_64