Last updated on 2025-07-18 08:51:09 CEST.
Flavor | Version | Tinstall | Tcheck | Ttotal | Status | Flags |
---|---|---|---|---|---|---|
r-devel-linux-x86_64-debian-clang | 1.2.10 | 31.73 | 239.67 | 271.40 | NOTE | |
r-devel-linux-x86_64-debian-gcc | 1.2.10 | 21.34 | 167.42 | 188.76 | NOTE | |
r-devel-linux-x86_64-fedora-clang | 1.2.10 | 398.31 | OK | |||
r-devel-linux-x86_64-fedora-gcc | 1.2.10 | 383.34 | OK | |||
r-devel-windows-x86_64 | 1.2.10 | 36.00 | 222.00 | 258.00 | NOTE | |
r-patched-linux-x86_64 | 1.2.10 | 33.40 | 209.55 | 242.95 | NOTE | |
r-release-linux-x86_64 | 1.2.10 | 32.93 | 205.79 | 238.72 | NOTE | |
r-release-macos-arm64 | 1.2.10 | 99.00 | OK | |||
r-release-macos-x86_64 | 1.2.10 | 195.00 | OK | |||
r-release-windows-x86_64 | 1.2.10 | 37.00 | 216.00 | 253.00 | NOTE | |
r-oldrel-macos-arm64 | 1.2.10 | 101.00 | OK | |||
r-oldrel-macos-x86_64 | 1.2.10 | 147.00 | OK | |||
r-oldrel-windows-x86_64 | 1.2.10 | 45.00 | 297.00 | 342.00 | OK |
Version: 1.2.10
Check: CRAN incoming feasibility
Result: NOTE
Maintainer: ‘Thong Pham <thongphamthe@gmail.com>’
No Authors@R field in DESCRIPTION.
Please add one, modifying
Authors@R: c(person(given = "Thong",
family = "Pham",
role = c("aut", "cre"),
email = "thongphamthe@gmail.com"),
person(given = "Paul",
family = "Sheridan",
role = "aut"),
person(given = "Hidetoshi",
family = "Shimodaira",
role = "aut"))
as necessary.
Flavors: r-devel-linux-x86_64-debian-clang, r-devel-linux-x86_64-debian-gcc
Version: 1.2.10
Check: Rd cross-references
Result: NOTE
Found the following Rd file(s) with Rd \link{} targets missing package
anchors:
plot.PAFit_net.Rd: plot.network.default
Please provide package anchors for all Rd \link{} targets not in the
package itself and the base packages.
Flavors: r-devel-linux-x86_64-debian-clang, r-devel-linux-x86_64-debian-gcc, r-devel-windows-x86_64, r-patched-linux-x86_64, r-release-linux-x86_64, r-release-windows-x86_64