Last updated on 2025-05-10 16:52:36 CEST.
Flavor | Version | Tinstall | Tcheck | Ttotal | Status | Flags |
---|---|---|---|---|---|---|
r-devel-linux-x86_64-debian-clang | 2.2 | 2.48 | 37.49 | 39.97 | NOTE | |
r-devel-linux-x86_64-debian-gcc | 2.2 | 1.71 | 27.17 | 28.88 | NOTE | |
r-devel-linux-x86_64-fedora-clang | 2.2 | 63.03 | OK | |||
r-devel-linux-x86_64-fedora-gcc | 2.2 | 61.63 | OK | |||
r-devel-windows-x86_64 | 2.2 | 4.00 | 65.00 | 69.00 | OK | |
r-patched-linux-x86_64 | 2.2 | 2.36 | 35.71 | 38.07 | OK | |
r-release-linux-x86_64 | 2.2 | 2.16 | 35.85 | 38.01 | OK | |
r-release-macos-arm64 | 2.2 | 22.00 | OK | |||
r-release-macos-x86_64 | 2.2 | 39.00 | OK | |||
r-release-windows-x86_64 | 2.2 | 3.00 | 68.00 | 71.00 | OK | |
r-oldrel-macos-arm64 | 2.2 | 23.00 | OK | |||
r-oldrel-macos-x86_64 | 2.2 | 33.00 | OK | |||
r-oldrel-windows-x86_64 | 2.2 | 3.00 | 72.00 | 75.00 | OK |
Version: 2.2
Check: CRAN incoming feasibility
Result: NOTE
Maintainer: ‘Jae H. Kim <jaekim8080@gmail.com>’
No Authors@R field in DESCRIPTION.
Please add one, modifying
Authors@R: person(given = c("Jae", "H."),
family = "Kim",
role = c("aut", "cre"),
email = "jaekim8080@gmail.com")
as necessary.
Flavors: r-devel-linux-x86_64-debian-clang, r-devel-linux-x86_64-debian-gcc