Last updated on 2025-05-10 08:50:45 CEST.
Flavor | Version | Tinstall | Tcheck | Ttotal | Status | Flags |
---|---|---|---|---|---|---|
r-devel-linux-x86_64-debian-clang | 0.4.0 | 30.27 | 268.80 | 299.07 | NOTE | |
r-devel-linux-x86_64-debian-gcc | 0.4.0 | 21.58 | 171.42 | 193.00 | NOTE | |
r-devel-linux-x86_64-fedora-clang | 0.4.0 | 469.90 | OK | |||
r-devel-linux-x86_64-fedora-gcc | 0.4.0 | 460.33 | OK | |||
r-devel-windows-x86_64 | 0.4.0 | 31.00 | 204.00 | 235.00 | OK | |
r-patched-linux-x86_64 | 0.4.0 | 32.53 | 255.74 | 288.27 | OK | |
r-release-linux-x86_64 | 0.4.0 | 31.85 | 254.32 | 286.17 | OK | |
r-release-macos-arm64 | 0.4.0 | 124.00 | OK | |||
r-release-macos-x86_64 | 0.4.0 | 221.00 | OK | |||
r-release-windows-x86_64 | 0.4.0 | 29.00 | 204.00 | 233.00 | OK | |
r-oldrel-macos-arm64 | 0.4.0 | 96.00 | OK | |||
r-oldrel-macos-x86_64 | 0.4.0 | 173.00 | OK | |||
r-oldrel-windows-x86_64 | 0.4.0 | 42.00 | 293.00 | 335.00 | OK |
Version: 0.4.0
Check: CRAN incoming feasibility
Result: NOTE
Maintainer: ‘Ian Fellows <ian@fellstat.com>’
No Authors@R field in DESCRIPTION.
Please add one, modifying
Authors@R: c(person(given = "Ian",
family = "Fellows",
role = c("aut", "cre"),
email = "ian@fellstat.com"),
person(given = c("using", "the", "JMapViewer", "library", "by", "Jan", "Peter"),
family = "Stotz",
role = "aut"))
as necessary.
Flavors: r-devel-linux-x86_64-debian-clang, r-devel-linux-x86_64-debian-gcc