Last updated on 2025-05-10 16:52:36 CEST.
Flavor | Version | Tinstall | Tcheck | Ttotal | Status | Flags |
---|---|---|---|---|---|---|
r-devel-linux-x86_64-debian-clang | 0.5 | 10.69 | 101.54 | 112.23 | NOTE | |
r-devel-linux-x86_64-debian-gcc | 0.5 | 7.89 | 69.81 | 77.70 | NOTE | |
r-devel-linux-x86_64-fedora-clang | 0.5 | 171.12 | NOTE | |||
r-devel-linux-x86_64-fedora-gcc | 0.5 | 180.23 | NOTE | |||
r-devel-windows-x86_64 | 0.5 | 14.00 | 127.00 | 141.00 | NOTE | |
r-patched-linux-x86_64 | 0.5 | 10.22 | 92.94 | 103.16 | NOTE | |
r-release-linux-x86_64 | 0.5 | 10.56 | 91.74 | 102.30 | NOTE | |
r-release-macos-arm64 | 0.5 | 63.00 | NOTE | |||
r-release-macos-x86_64 | 0.5 | 112.00 | NOTE | |||
r-release-windows-x86_64 | 0.5 | 14.00 | 127.00 | 141.00 | NOTE | |
r-oldrel-macos-arm64 | 0.5 | 67.00 | OK | |||
r-oldrel-macos-x86_64 | 0.5 | 168.00 | OK | |||
r-oldrel-windows-x86_64 | 0.5 | 19.00 | 152.00 | 171.00 | OK |
Version: 0.5
Check: DESCRIPTION meta-information
Result: NOTE
Missing dependency on R >= 4.1.0 because package code uses the pipe
|> or function shorthand \(...) syntax added in R 4.1.0.
File(s) using such syntax:
‘global.R’
Flavors: r-devel-linux-x86_64-debian-clang, r-devel-linux-x86_64-debian-gcc, r-devel-linux-x86_64-fedora-clang, r-devel-linux-x86_64-fedora-gcc, r-devel-windows-x86_64, r-patched-linux-x86_64, r-release-linux-x86_64, r-release-macos-arm64, r-release-macos-x86_64, r-release-windows-x86_64