Last updated on 2025-05-10 20:49:47 CEST.
Flavor | Version | Tinstall | Tcheck | Ttotal | Status | Flags |
---|---|---|---|---|---|---|
r-devel-linux-x86_64-debian-clang | 0.9-3 | 218.67 | 272.88 | 491.55 | OK | |
r-devel-linux-x86_64-debian-gcc | 0.9-3 | 173.32 | 196.82 | 370.14 | OK | |
r-devel-linux-x86_64-fedora-clang | 0.9-3 | 744.50 | OK | |||
r-devel-linux-x86_64-fedora-gcc | 0.9-3 | 885.54 | OK | |||
r-devel-windows-x86_64 | 0.9-3 | 218.00 | 284.00 | 502.00 | OK | |
r-patched-linux-x86_64 | 0.9-3 | 224.62 | 275.91 | 500.53 | OK | |
r-release-linux-x86_64 | 0.9-3 | 237.71 | 272.47 | 510.18 | OK | |
r-release-macos-arm64 | 0.9-3 | 149.00 | OK | |||
r-release-macos-x86_64 | 0.9-3 | 202.00 | OK | |||
r-release-windows-x86_64 | 0.9-3 | 215.00 | 284.00 | 499.00 | OK | |
r-oldrel-macos-arm64 | 0.9-3 | 193.00 | NOTE | |||
r-oldrel-macos-x86_64 | 0.9-3 | 366.00 | NOTE | |||
r-oldrel-windows-x86_64 | 0.9-3 | 244.00 | 379.00 | 623.00 | NOTE |
Version: 0.9-3
Check: package dependencies
Result: NOTE
Package suggested but not available for checking: ‘cmdstanr’
Flavors: r-oldrel-macos-arm64, r-oldrel-macos-x86_64, r-oldrel-windows-x86_64
Version: 0.9-3
Check: installed package size
Result: NOTE
installed size is 62.9Mb
sub-directories of 1Mb or more:
libs 61.5Mb
Flavors: r-oldrel-macos-arm64, r-oldrel-macos-x86_64
Version: 0.9-3
Check: for GNU extensions in Makefiles
Result: NOTE
GNU make is a SystemRequirements.
Flavors: r-oldrel-macos-arm64, r-oldrel-macos-x86_64, r-oldrel-windows-x86_64