Last updated on 2025-05-10 20:49:47 CEST.
Flavor | Version | Tinstall | Tcheck | Ttotal | Status | Flags |
---|---|---|---|---|---|---|
r-devel-linux-x86_64-debian-clang | 1.0-10 | 9.54 | 50.28 | 59.82 | NOTE | |
r-devel-linux-x86_64-debian-gcc | 1.0-10 | 5.53 | 34.83 | 40.36 | NOTE | |
r-devel-linux-x86_64-fedora-clang | 1.0-10 | 94.14 | OK | |||
r-devel-linux-x86_64-fedora-gcc | 1.0-10 | 89.68 | OK | |||
r-devel-windows-x86_64 | 1.0-10 | 11.00 | 66.00 | 77.00 | OK | |
r-patched-linux-x86_64 | 1.0-10 | 10.19 | 48.06 | 58.25 | OK | |
r-release-linux-x86_64 | 1.0-10 | 7.93 | 48.69 | 56.62 | OK | |
r-release-macos-arm64 | 1.0-10 | 31.00 | OK | |||
r-release-macos-x86_64 | 1.0-10 | 57.00 | OK | |||
r-release-windows-x86_64 | 1.0-10 | 10.00 | 69.00 | 79.00 | OK | |
r-oldrel-macos-arm64 | 1.0-10 | 27.00 | OK | |||
r-oldrel-macos-x86_64 | 1.0-10 | 42.00 | OK | |||
r-oldrel-windows-x86_64 | 1.0-10 | 13.00 | 79.00 | 92.00 | OK |
Version: 1.0-10
Check: CRAN incoming feasibility
Result: NOTE
Maintainer: ‘Albrecht Gebhardt <albrecht.gebhardt@aau.at>’
No Authors@R field in DESCRIPTION.
Please add one, modifying
Authors@R: c(person(given = "Petr",
family = "Simecek",
role = "aut",
email = "simecek@gmail.com"),
person(given = "Juergen",
family = "Pilz",
role = "aut",
email = "juergen.pilz@aau.at"),
person(given = "Mingui",
family = "Wang",
role = "aut",
email = "mail.mwang@gmail.com"),
person(given = "Albrecht",
family = "Gebhardt.",
role = "aut",
email = "albrecht.gebhardt@aau.at"),
person(given = "Albrecht",
family = "Gebhardt",
role = "cre",
email = "albrecht.gebhardt@aau.at"))
as necessary.
Flavors: r-devel-linux-x86_64-debian-clang, r-devel-linux-x86_64-debian-gcc