Last updated on 2025-05-10 08:50:45 CEST.
Flavor | Version | Tinstall | Tcheck | Ttotal | Status | Flags |
---|---|---|---|---|---|---|
r-devel-linux-x86_64-debian-clang | 0.7.0 | 97.56 | 178.75 | 276.31 | OK | |
r-devel-linux-x86_64-debian-gcc | 0.7.0 | 73.70 | 120.12 | 193.82 | OK | |
r-devel-linux-x86_64-fedora-clang | 0.7.0 | 505.83 | OK | |||
r-devel-linux-x86_64-fedora-gcc | 0.7.0 | 458.61 | OK | |||
r-devel-windows-x86_64 | 0.7.0 | 82.00 | 150.00 | 232.00 | OK | |
r-patched-linux-x86_64 | 0.7.0 | 102.17 | 168.61 | 270.78 | OK | |
r-release-linux-x86_64 | 0.7.0 | 95.48 | 164.33 | 259.81 | OK | |
r-release-macos-arm64 | 0.7.0 | 93.00 | OK | |||
r-release-macos-x86_64 | 0.7.0 | 204.00 | OK | |||
r-release-windows-x86_64 | 0.7.0 | 86.00 | 152.00 | 238.00 | OK | |
r-oldrel-macos-arm64 | 0.7.0 | 123.00 | NOTE | |||
r-oldrel-macos-x86_64 | 0.7.0 | 225.00 | NOTE | |||
r-oldrel-windows-x86_64 | 0.7.0 | 141.00 | 198.00 | 339.00 | NOTE |
Version: 0.7.0
Check: package dependencies
Result: NOTE
Depends: includes the non-default packages:
'Cubist', 'Metrics', 'arm', 'brnn', 'broom', 'car', 'caret',
'corrplot', 'doParallel', 'dplyr', 'e1071', 'earth', 'gam', 'gbm',
'ggplot2', 'glmnet', 'gridExtra', 'ipred', 'leaps', 'nnet',
'parallel', 'pls', 'purrr', 'randomForest', 'reactable',
'reactablefmtr', 'readr', 'rpart', 'tidyr', 'tree', 'xgboost'
Adding so many packages to the search path is excessive and importing
selectively is preferable.
Flavors: r-oldrel-macos-arm64, r-oldrel-macos-x86_64, r-oldrel-windows-x86_64