CRAN Package Check Results for Package Newdistns

Last updated on 2025-05-10 20:49:47 CEST.

Flavor Version Tinstall Tcheck Ttotal Status Flags
r-devel-linux-x86_64-debian-clang 2.1 10.56 48.93 59.49 NOTE
r-devel-linux-x86_64-debian-gcc 2.1 6.69 32.48 39.17 NOTE
r-devel-linux-x86_64-fedora-clang 2.1 93.12 OK
r-devel-linux-x86_64-fedora-gcc 2.1 89.23 OK
r-devel-windows-x86_64 2.1 10.00 61.00 71.00 OK
r-patched-linux-x86_64 2.1 11.31 46.07 57.38 OK
r-release-linux-x86_64 2.1 9.70 44.98 54.68 OK
r-release-macos-arm64 2.1 27.00 OK
r-release-macos-x86_64 2.1 47.00 OK
r-release-windows-x86_64 2.1 11.00 62.00 73.00 OK
r-oldrel-macos-arm64 2.1 24.00 OK
r-oldrel-macos-x86_64 2.1 42.00 OK
r-oldrel-windows-x86_64 2.1 11.00 62.00 73.00 OK

Check Details

Version: 2.1
Check: CRAN incoming feasibility
Result: NOTE Maintainer: ‘Saralees Nadarajah <Saralees.Nadarajah@manchester.ac.uk>’ No Authors@R field in DESCRIPTION. Please add one, modifying Authors@R: c(person(given = "Saralees", family = "Nadarajah", role = c("aut", "cre"), email = "saralees.nadarajah@manchester.ac.uk"), person(given = "Ricardo", family = "Rocha", role = "aut")) as necessary. Flavors: r-devel-linux-x86_64-debian-clang, r-devel-linux-x86_64-debian-gcc