Last updated on 2025-05-10 08:50:44 CEST.
Flavor | Version | Tinstall | Tcheck | Ttotal | Status | Flags |
---|---|---|---|---|---|---|
r-devel-linux-x86_64-debian-clang | 1.2 | 4.56 | 37.83 | 42.39 | OK | |
r-devel-linux-x86_64-debian-gcc | 1.2 | 2.96 | 29.33 | 32.29 | OK | |
r-devel-linux-x86_64-fedora-clang | 1.2 | 70.95 | NOTE | |||
r-devel-linux-x86_64-fedora-gcc | 1.2 | 64.57 | NOTE | |||
r-devel-windows-x86_64 | 1.2 | 6.00 | 58.00 | 64.00 | OK | |
r-patched-linux-x86_64 | 1.2 | 4.33 | 36.22 | 40.55 | OK | |
r-release-linux-x86_64 | 1.2 | 3.79 | 36.43 | 40.22 | OK | |
r-release-macos-arm64 | 1.2 | 26.00 | OK | |||
r-release-macos-x86_64 | 1.2 | 46.00 | OK | |||
r-release-windows-x86_64 | 1.2 | 7.00 | 60.00 | 67.00 | OK | |
r-oldrel-macos-arm64 | 1.2 | 25.00 | OK | |||
r-oldrel-macos-x86_64 | 1.2 | 41.00 | OK | |||
r-oldrel-windows-x86_64 | 1.2 | 6.00 | 58.00 | 64.00 | OK |
Version: 1.2
Check: compiled code
Result: NOTE
File ‘NetPreProc/libs/NetPreProc.so’:
Found no calls to: ‘R_registerRoutines’, ‘R_useDynamicSymbols’
It is good practice to register native routines and to disable symbol
search.
See ‘Writing portable packages’ in the ‘Writing R Extensions’ manual.
Flavors: r-devel-linux-x86_64-fedora-clang, r-devel-linux-x86_64-fedora-gcc