Last updated on 2025-05-10 12:49:48 CEST.
Flavor | Version | Tinstall | Tcheck | Ttotal | Status | Flags |
---|---|---|---|---|---|---|
r-devel-linux-x86_64-debian-clang | 1.0.1 | 9.38 | 68.51 | 77.89 | NOTE | |
r-devel-linux-x86_64-debian-gcc | 1.0.1 | 6.79 | 48.64 | 55.43 | NOTE | |
r-devel-linux-x86_64-fedora-clang | 1.0.1 | 115.30 | OK | |||
r-devel-linux-x86_64-fedora-gcc | 1.0.1 | 115.13 | OK | |||
r-devel-windows-x86_64 | 1.0.1 | 11.00 | 76.00 | 87.00 | OK | |
r-patched-linux-x86_64 | 1.0.1 | 8.07 | 63.29 | 71.36 | OK | |
r-release-linux-x86_64 | 1.0.1 | 9.24 | 63.04 | 72.28 | OK | |
r-release-macos-arm64 | 1.0.1 | 48.00 | OK | |||
r-release-macos-x86_64 | 1.0.1 | 58.00 | OK | |||
r-release-windows-x86_64 | 1.0.1 | 11.00 | 79.00 | 90.00 | OK | |
r-oldrel-macos-arm64 | 1.0.1 | 47.00 | OK | |||
r-oldrel-macos-x86_64 | 1.0.1 | 67.00 | OK | |||
r-oldrel-windows-x86_64 | 1.0.1 | 15.00 | 98.00 | 113.00 | OK |
Version: 1.0.1
Check: CRAN incoming feasibility
Result: NOTE
Maintainer: ‘Mamadou Yauck <yauck.mamadou@uqam.ca>’
No Authors@R field in DESCRIPTION.
Please add one, modifying
Authors@R: c(person(given = "Mamadou",
family = "Yauck",
role = c("aut", "cre"),
email = "yauck.mamadou@uqam.ca"),
person(given = c("Erica", "E.", "M."),
family = "Moodie",
role = "aut"))
as necessary.
Flavors: r-devel-linux-x86_64-debian-clang, r-devel-linux-x86_64-debian-gcc