CRAN Package Check Results for Package NVCSSL

Last updated on 2025-07-22 01:49:24 CEST.

Flavor Version Tinstall Tcheck Ttotal Status Flags
r-devel-linux-x86_64-debian-clang 2.0 13.31 112.84 126.15 NOTE
r-devel-linux-x86_64-debian-gcc 3.0 8.46 81.30 89.76 OK
r-devel-linux-x86_64-fedora-clang 3.0 195.38 OK
r-devel-linux-x86_64-fedora-gcc 3.0 185.70 OK
r-devel-windows-x86_64 3.0 14.00 110.00 124.00 OK
r-patched-linux-x86_64 2.0 11.37 105.62 116.99 OK
r-release-linux-x86_64 2.0 11.92 105.17 117.09 OK
r-release-macos-arm64 2.0 52.00 OK
r-release-macos-x86_64 3.0 70.00 OK
r-release-windows-x86_64 3.0 15.00 115.00 130.00 OK
r-oldrel-macos-arm64 2.0 55.00 OK
r-oldrel-macos-x86_64 3.0 73.00 OK
r-oldrel-windows-x86_64 3.0 16.00 143.00 159.00 OK

Check Details

Version: 2.0
Check: CRAN incoming feasibility
Result: NOTE Maintainer: ‘Ray Bai <raybaistat@gmail.com>’ No Authors@R field in DESCRIPTION. Please add one, modifying Authors@R: person(given = "Ray", family = "Bai", role = c("aut", "cre"), email = "raybaistat@gmail.com") as necessary. The Description field contains introduced by Bai et al. (2023) <arXiv:1907.06477>. Functions to fit Please refer to arXiv e-prints via their arXiv DOI <doi:10.48550/arXiv.YYMM.NNNNN>. Flavor: r-devel-linux-x86_64-debian-clang