CRAN Package Check Results for Package NPIstats

Last updated on 2025-05-10 16:52:35 CEST.

Flavor Version Tinstall Tcheck Ttotal Status Flags
r-devel-linux-x86_64-debian-clang 0.1.0 1.99 23.44 25.43 OK
r-devel-linux-x86_64-debian-gcc 0.1.0 1.11 19.25 20.36 OK
r-devel-linux-x86_64-fedora-clang 0.1.0 40.56 NOTE
r-devel-linux-x86_64-fedora-gcc 0.1.0 53.77 NOTE
r-devel-windows-x86_64 0.1.0 3.00 46.00 49.00 OK
r-patched-linux-x86_64 0.1.0 1.83 22.73 24.56 OK
r-release-linux-x86_64 0.1.0 1.64 22.49 24.13 OK
r-release-macos-arm64 0.1.0 24.00 OK
r-release-macos-x86_64 0.1.0 40.00 OK
r-release-windows-x86_64 0.1.0 3.00 46.00 49.00 OK
r-oldrel-macos-arm64 0.1.0 26.00 OK
r-oldrel-macos-x86_64 0.1.0 41.00 OK
r-oldrel-windows-x86_64 0.1.0 4.00 52.00 56.00 OK

Check Details

Version: 0.1.0
Check: dependencies in R code
Result: NOTE Namespace in Imports field not imported from: ‘dplyr’ All declared Imports should be used. Flavors: r-devel-linux-x86_64-fedora-clang, r-devel-linux-x86_64-fedora-gcc