Last updated on 2025-05-10 16:52:35 CEST.
Flavor | Version | Tinstall | Tcheck | Ttotal | Status | Flags |
---|---|---|---|---|---|---|
r-devel-linux-x86_64-debian-clang | 1.0.1 | 2.34 | 25.48 | 27.82 | NOTE | |
r-devel-linux-x86_64-debian-gcc | 1.0.1 | 1.67 | 19.00 | 20.67 | NOTE | |
r-devel-linux-x86_64-fedora-clang | 1.0.1 | 42.48 | OK | |||
r-devel-linux-x86_64-fedora-gcc | 1.0.1 | 42.82 | OK | |||
r-devel-windows-x86_64 | 1.0.1 | 3.00 | 44.00 | 47.00 | OK | |
r-patched-linux-x86_64 | 1.0.1 | 2.47 | 24.58 | 27.05 | OK | |
r-release-linux-x86_64 | 1.0.1 | 1.57 | 24.41 | 25.98 | OK | |
r-release-macos-arm64 | 1.0.1 | 20.00 | OK | |||
r-release-macos-x86_64 | 1.0.1 | 30.00 | OK | |||
r-release-windows-x86_64 | 1.0.1 | 3.00 | 48.00 | 51.00 | OK | |
r-oldrel-macos-arm64 | 1.0.1 | 17.00 | NOTE | |||
r-oldrel-macos-x86_64 | 1.0.1 | 24.00 | NOTE | |||
r-oldrel-windows-x86_64 | 1.0.1 | 4.00 | 52.00 | 56.00 | NOTE |
Version: 1.0.1
Check: CRAN incoming feasibility
Result: NOTE
Maintainer: ‘Chiu-Hsieh Hsu <pablo1639@gmail.com>’
No Authors@R field in DESCRIPTION.
Please add one, modifying
Authors@R: c(person(given = "Di",
family = "Ran",
role = "aut"),
person(given = "Chiu-Hsieh",
family = "Hsu",
role = c("aut", "cre"),
email = "pablo1639@gmail.com"),
person(given = "Mandi",
family = "Yu",
role = "aut"))
as necessary.
Flavors: r-devel-linux-x86_64-debian-clang, r-devel-linux-x86_64-debian-gcc
Version: 1.0.1
Check: LazyData
Result: NOTE
'LazyData' is specified without a 'data' directory
Flavors: r-oldrel-macos-arm64, r-oldrel-macos-x86_64, r-oldrel-windows-x86_64