Last updated on 2025-05-10 20:49:47 CEST.
Flavor | Version | Tinstall | Tcheck | Ttotal | Status | Flags |
---|---|---|---|---|---|---|
r-devel-linux-x86_64-debian-clang | 1.0.1 | 12.06 | 122.93 | 134.99 | NOTE | |
r-devel-linux-x86_64-debian-gcc | 1.0.1 | 7.77 | 85.13 | 92.90 | NOTE | |
r-devel-linux-x86_64-fedora-clang | 1.0.1 | 194.59 | NOTE | |||
r-devel-linux-x86_64-fedora-gcc | 1.0.1 | 192.53 | NOTE | |||
r-devel-windows-x86_64 | 1.0.1 | 19.00 | 301.00 | 320.00 | NOTE | |
r-patched-linux-x86_64 | 1.0.1 | 23.80 | 113.63 | 137.43 | NOTE | |
r-release-linux-x86_64 | 1.0.1 | 11.87 | 113.60 | 125.47 | NOTE | |
r-release-macos-arm64 | 1.0.1 | 54.00 | NOTE | |||
r-release-macos-x86_64 | 1.0.1 | 125.00 | NOTE | |||
r-release-windows-x86_64 | 1.0.1 | 20.00 | 303.00 | 323.00 | NOTE | |
r-oldrel-macos-arm64 | 1.0.1 | 52.00 | NOTE | |||
r-oldrel-macos-x86_64 | 1.0.1 | 96.00 | NOTE | |||
r-oldrel-windows-x86_64 | 1.0.1 | 17.00 | 276.00 | 293.00 | NOTE |
Version: 1.0.1
Check: DESCRIPTION meta-information
Result: NOTE
Malformed Description field: should contain one or more complete sentences.
Flavors: r-devel-linux-x86_64-debian-clang, r-devel-linux-x86_64-debian-gcc, r-devel-linux-x86_64-fedora-clang, r-devel-linux-x86_64-fedora-gcc, r-devel-windows-x86_64, r-patched-linux-x86_64, r-release-linux-x86_64, r-release-macos-arm64, r-release-macos-x86_64, r-release-windows-x86_64, r-oldrel-macos-arm64, r-oldrel-macos-x86_64, r-oldrel-windows-x86_64